{"id":13710,"date":"2025-12-13T18:10:54","date_gmt":"2025-12-13T18:10:54","guid":{"rendered":"https:\/\/carboniaturismo.it\/?page_id=13710"},"modified":"2025-12-13T18:27:56","modified_gmt":"2025-12-13T18:27:56","slug":"bacu-abis-la-piazza-razionalista","status":"publish","type":"page","link":"https:\/\/carboniaturismo.it\/it\/musei-di-carbonia\/bacu-abis-la-piazza-razionalista\/","title":{"rendered":"Bacu Abis e la chiesa di Santa Barbara"},"content":{"rendered":"\t\t<div data-elementor-type=\"wp-page\" data-elementor-id=\"13710\" class=\"elementor elementor-13710\" data-elementor-post-type=\"page\">\n\t\t\t\t\t\t<section class=\"elementor-section elementor-top-section elementor-element elementor-element-cc2c12f elementor-section-stretched elementor-section-boxed elementor-section-height-default elementor-section-height-default row-top\" data-id=\"cc2c12f\" data-element_type=\"section\" data-e-type=\"section\" data-settings=\"{&quot;stretch_section&quot;:&quot;section-stretched&quot;}\">\n\t\t\t\t\t\t<div class=\"elementor-container elementor-column-gap-default\">\n\t\t\t\t\t<div class=\"elementor-column elementor-col-50 elementor-top-column elementor-element elementor-element-cec8337\" data-id=\"cec8337\" data-element_type=\"column\" data-e-type=\"column\">\n\t\t\t<div class=\"elementor-widget-wrap elementor-element-populated\">\n\t\t\t\t\t\t<div class=\"elementor-element elementor-element-18223d7 elementor-widget elementor-widget-text-editor\" data-id=\"18223d7\" data-element_type=\"widget\" data-e-type=\"widget\" data-widget_type=\"text-editor.default\">\n\t\t\t\t<div class=\"elementor-widget-container\">\n\t\t\t\t\t\t\t\t\t<p data-start=\"472\" data-end=\"1394\"><strong>Bacu Abis, oggi frazione di Carbonia, \u00e8 un villaggio operaio nato per lo sfruttamento dei giacimenti di carbone<\/strong> e diventato, negli anni Trenta, un vero \u201claboratorio\u201d di urbanistica razionale. <strong>Il nucleo pi\u00f9 antico \u00e8 legato alle attivit\u00e0 estrattive gi\u00e0 nel XIX secolo;<\/strong> un primo centro abitato riconoscibile si consolida con le Case Congia (1914). <strong>Tra il 1936 e il 1938 l\u2019agglomerato viene riorganizzato su progetto di Gustavo Pulitzer-Finali:<\/strong> il nuovo impianto prevede un centro per le funzioni pubbliche e civili e un tessuto residenziale disposto \u201cin file ordinate\u201d, dove gli alloggi sono distribuiti in modo gerarchico (non solo per tipologia, ma anche per posizione rispetto ai servizi). In questa logica si distinguono 20 isolati destinati ai minatori e 3 isolati per gli impiegati; dal 1937 Bacu Abis viene inglobata nella neonata Carbonia e dotata di servizi comunali decentrati.<\/p><p data-start=\"1396\" data-end=\"2109\"><strong>Il punto pi\u00f9 iconico \u00e8 la piazza (o, meglio, il sistema di piazze e slarghi) dove si affacciano i luoghi della comunit\u00e0 e della propaganda:<\/strong> dopolavoro e cineteatro, spaccio e Casa del Fascio, in dialogo con<strong> la Chiesa di Santa Barbara, patrona del lavoro in miniera.<\/strong><\/p><p data-start=\"1396\" data-end=\"2109\"><strong>La chiesa sorge a nord dell\u2019abitato e si impone come \u201csegno\u201d urbano:<\/strong> una navata unica illuminata da aperture laterali e dal grande oculo in facciata, rivestimenti in pietrame a vista, portico continuo e campanile quadrangolare addossato.<strong> \u00c8 la classica scenografia civico-religiosa che, nelle architetture del tempo, organizzava la vita quotidiana e la rappresentazione del potere nello stesso spazio pubblico.<\/strong><\/p><p data-start=\"2111\" data-end=\"2939\"><strong>Una relazione tecnica del Comune di Carbonia evidenzia che, tra 1935 e 1937, Arsia e Bacu Abis vengono creati quasi simultaneamente e con obiettivi corrispondenti;<\/strong> per Arsia \u00e8 documentata la committenza allo studio triestino guidato da Gustavo Pulitzer-Finali, mentre per Bacu Abis la documentazione \u00e8 pi\u00f9 frammentaria. Tuttavia le affinit\u00e0 urbanistiche e architettoniche vengono considerate abbastanza forti da far ipotizzare una progettazione forse anche congiunta. <strong>Il parallelismo \u00e8 fondato, ma la \u201creplica\u201d in senso stretto non \u00e8 presentata come certezza assoluta.<\/strong><\/p>\t\t\t\t\t\t\t\t<\/div>\n\t\t\t\t<\/div>\n\t\t\t\t\t<\/div>\n\t\t<\/div>\n\t\t\t\t<div class=\"elementor-column elementor-col-50 elementor-top-column elementor-element elementor-element-bac9079 elementor-hidden-tablet elementor-hidden-mobile\" data-id=\"bac9079\" data-element_type=\"column\" data-e-type=\"column\" data-settings=\"{&quot;background_background&quot;:&quot;classic&quot;}\">\n\t\t\t<div class=\"elementor-widget-wrap elementor-element-populated\">\n\t\t\t\t\t\t<div class=\"elementor-element elementor-element-f2496e0 elementor-widget elementor-widget-image\" data-id=\"f2496e0\" data-element_type=\"widget\" data-e-type=\"widget\" data-widget_type=\"image.default\">\n\t\t\t\t<div class=\"elementor-widget-container\">\n\t\t\t\t\t\t\t\t\t\t\t\t\t\t\t<img fetchpriority=\"high\" decoding=\"async\" width=\"900\" height=\"675\" src=\"https:\/\/carboniaturismo.it\/wp-content\/uploads\/2025\/12\/Santa-Barbara-di-Bacu-Abis-1024x768.jpg\" class=\"attachment-large size-large wp-image-13712\" alt=\"\" srcset=\"https:\/\/carboniaturismo.it\/wp-content\/uploads\/2025\/12\/Santa-Barbara-di-Bacu-Abis-1024x768.jpg 1024w, https:\/\/carboniaturismo.it\/wp-content\/uploads\/2025\/12\/Santa-Barbara-di-Bacu-Abis-768x576.jpg 768w, https:\/\/carboniaturismo.it\/wp-content\/uploads\/2025\/12\/Santa-Barbara-di-Bacu-Abis.jpg 2048w\" sizes=\"(max-width: 900px) 100vw, 900px\" \/>\t\t\t\t\t\t\t\t\t\t\t\t\t\t\t<\/div>\n\t\t\t\t<\/div>\n\t\t\t\t\t<\/div>\n\t\t<\/div>\n\t\t\t\t\t<\/div>\n\t\t<\/section>\n\t\t\t\t<\/div>\n\t\t","protected":false},"excerpt":{"rendered":"<p>Bacu Abis, oggi frazione di Carbonia, \u00e8 un villaggio operaio nato per lo sfruttamento dei giacimenti di carbone e diventato, negli anni Trenta, un vero \u201claboratorio\u201d di urbanistica razionale. Il [&hellip;]<\/p>\n","protected":false},"author":1,"featured_media":0,"parent":2486,"menu_order":0,"comment_status":"closed","ping_status":"closed","template":"","meta":{"rs_blank_template":"","rs_page_bg_color":"","slide_template_v7":"","footnotes":""},"class_list":["post-13710","page","type-page","status-publish","hentry"],"_links":{"self":[{"href":"https:\/\/carboniaturismo.it\/it\/wp-json\/wp\/v2\/pages\/13710","targetHints":{"allow":["GET"]}}],"collection":[{"href":"https:\/\/carboniaturismo.it\/it\/wp-json\/wp\/v2\/pages"}],"about":[{"href":"https:\/\/carboniaturismo.it\/it\/wp-json\/wp\/v2\/types\/page"}],"author":[{"embeddable":true,"href":"https:\/\/carboniaturismo.it\/it\/wp-json\/wp\/v2\/users\/1"}],"replies":[{"embeddable":true,"href":"https:\/\/carboniaturismo.it\/it\/wp-json\/wp\/v2\/comments?post=13710"}],"version-history":[{"count":5,"href":"https:\/\/carboniaturismo.it\/it\/wp-json\/wp\/v2\/pages\/13710\/revisions"}],"predecessor-version":[{"id":13721,"href":"https:\/\/carboniaturismo.it\/it\/wp-json\/wp\/v2\/pages\/13710\/revisions\/13721"}],"up":[{"embeddable":true,"href":"https:\/\/carboniaturismo.it\/it\/wp-json\/wp\/v2\/pages\/2486"}],"wp:attachment":[{"href":"https:\/\/carboniaturismo.it\/it\/wp-json\/wp\/v2\/media?parent=13710"}],"curies":[{"name":"wp","href":"https:\/\/api.w.org\/{rel}","templated":true}]}}

<div data-elementor-type="wp-page" data-elementor-id="13710" class="elementor elementor-13710" data-elementor-post-type="page">
						<section class="elementor-section elementor-top-section elementor-element elementor-element-cc2c12f elementor-section-stretched elementor-section-boxed elementor-section-height-default elementor-section-height-default row-top" data-id="cc2c12f" data-element_type="section" data-e-type="section" data-settings="{&quot;stretch_section&quot;:&quot;section-stretched&quot;}">
						<div class="elementor-container elementor-column-gap-default">
					<div class="elementor-column elementor-col-50 elementor-top-column elementor-element elementor-element-cec8337" data-id="cec8337" data-element_type="column" data-e-type="column">
			<div class="elementor-widget-wrap elementor-element-populated">
						<div class="elementor-element elementor-element-18223d7 elementor-widget elementor-widget-text-editor" data-id="18223d7" data-element_type="widget" data-e-type="widget" data-widget_type="text-editor.default">
				<div class="elementor-widget-container">
									<p data-start="472" data-end="1394"><strong>Bacu Abis, oggi frazione di Carbonia, è un villaggio operaio nato per lo sfruttamento dei giacimenti di carbone</strong> e diventato, negli anni Trenta, un vero “laboratorio” di urbanistica razionale. <strong>Il nucleo più antico è legato alle attività estrattive già nel XIX secolo;</strong> un primo centro abitato riconoscibile si consolida con le Case Congia (1914). <strong>Tra il 1936 e il 1938 l’agglomerato viene riorganizzato su progetto di Gustavo Pulitzer-Finali:</strong> il nuovo impianto prevede un centro per le funzioni pubbliche e civili e un tessuto residenziale disposto “in file ordinate”, dove gli alloggi sono distribuiti in modo gerarchico (non solo per tipologia, ma anche per posizione rispetto ai servizi). In questa logica si distinguono 20 isolati destinati ai minatori e 3 isolati per gli impiegati; dal 1937 Bacu Abis viene inglobata nella neonata Carbonia e dotata di servizi comunali decentrati.</p><p data-start="1396" data-end="2109"><strong>Il punto più iconico è la piazza (o, meglio, il sistema di piazze e slarghi) dove si affacciano i luoghi della comunità e della propaganda:</strong> dopolavoro e cineteatro, spaccio e Casa del Fascio, in dialogo con<strong> la Chiesa di Santa Barbara, patrona del lavoro in miniera.</strong></p><p data-start="1396" data-end="2109"><strong>La chiesa sorge a nord dell’abitato e si impone come “segno” urbano:</strong> una navata unica illuminata da aperture laterali e dal grande oculo in facciata, rivestimenti in pietrame a vista, portico continuo e campanile quadrangolare addossato.<strong> È la classica scenografia civico-religiosa che, nelle architetture del tempo, organizzava la vita quotidiana e la rappresentazione del potere nello stesso spazio pubblico.</strong></p><p data-start="2111" data-end="2939"><strong>Una relazione tecnica del Comune di Carbonia evidenzia che, tra 1935 e 1937, Arsia e Bacu Abis vengono creati quasi simultaneamente e con obiettivi corrispondenti;</strong> per Arsia è documentata la committenza allo studio triestino guidato da Gustavo Pulitzer-Finali, mentre per Bacu Abis la documentazione è più frammentaria. Tuttavia le affinità urbanistiche e architettoniche vengono considerate abbastanza forti da far ipotizzare una progettazione forse anche congiunta. <strong>Il parallelismo è fondato, ma la “replica” in senso stretto non è presentata come certezza assoluta.</strong></p>								</div>
				</div>
					</div>
		</div>
				<div class="elementor-column elementor-col-50 elementor-top-column elementor-element elementor-element-bac9079 elementor-hidden-tablet elementor-hidden-mobile" data-id="bac9079" data-element_type="column" data-e-type="column" data-settings="{&quot;background_background&quot;:&quot;classic&quot;}">
			<div class="elementor-widget-wrap elementor-element-populated">
						<div class="elementor-element elementor-element-f2496e0 elementor-widget elementor-widget-image" data-id="f2496e0" data-element_type="widget" data-e-type="widget" data-widget_type="image.default">
				<div class="elementor-widget-container">
															<img fetchpriority="high" decoding="async" width="900" height="675" src="https://carboniaturismo.it/wp-content/uploads/2025/12/Santa-Barbara-di-Bacu-Abis-1024x768.jpg" class="attachment-large size-large wp-image-13712" alt="" srcset="https://carboniaturismo.it/wp-content/uploads/2025/12/Santa-Barbara-di-Bacu-Abis-1024x768.jpg 1024w, https://carboniaturismo.it/wp-content/uploads/2025/12/Santa-Barbara-di-Bacu-Abis-768x576.jpg 768w, https://carboniaturismo.it/wp-content/uploads/2025/12/Santa-Barbara-di-Bacu-Abis.jpg 2048w" sizes="(max-width: 900px) 100vw, 900px" />															</div>
				</div>
					</div>
		</div>
					</div>
		</section>
				</div>

<p>Bacu Abis, oggi frazione di Carbonia, è un villaggio operaio nato per lo sfruttamento dei giacimenti di carbone e diventato, negli anni Trenta, un vero “laboratorio” di urbanistica razionale. Il [&hellip;]</p>
