{"id":21155,"date":"2026-07-21T10:29:18","date_gmt":"2026-07-21T10:29:18","guid":{"rendered":"https:\/\/carboniaturismo.it\/event\/concerts-en-sardaigne-dna-music-festival-sardaigne-hommage-sous-les-etoiles-pour-achille-lauro-et-883-entree-gratuite\/"},"modified":"2026-07-21T10:29:18","modified_gmt":"2026-07-21T10:29:18","slug":"concerts-en-sardaigne-dna-music-festival-sardaigne-hommage-sous-les-etoiles-pour-achille-lauro-et-883-entree-gratuite","status":"publish","type":"tribe_events","link":"https:\/\/carboniaturismo.it\/fr\/event\/concerts-en-sardaigne-dna-music-festival-sardaigne-hommage-sous-les-etoiles-pour-achille-lauro-et-883-entree-gratuite\/","title":{"rendered":"Concerts en Sardaigne : DNA Music Festival Sardaigne, hommage sous les \u00e9toiles pour Achille Lauro et 883 &#8211; entr\u00e9e gratuite"},"content":{"rendered":"<p>Piazza Roma se pr\u00e9pare \u00e0 devenir le c\u0153ur battant de l&#8217;\u00e9t\u00e9 musical de Carbonia avec le DNA Music Festival Sardegna, un \u00e9v\u00e9nement qui mettra en sc\u00e8ne trois \u00e9v\u00e9nements d\u00e9di\u00e9s \u00e0 la grande musique italienne, parmi lesquels des hommages d&#8217;auteurs, des \u00e9motions en direct et des spectacles capables d&#8217;impliquer les publics de tous \u00e2ges.<\/p>\n<p>L&#8217;initiative, organis\u00e9e par Pro Loco Carbonia, transformera le centre-ville en une grande sc\u00e8ne \u00e0 ciel ouvert, o\u00f9 les habitants et les visiteurs pourront vivre trois soir\u00e9es de musique sous les \u00e9toiles, sur l&#8217;une des places les plus repr\u00e9sentatives de la ville.<\/p>\n<p>19 juin \u2013 Achille Lauro Experience Tribute et 883 Band Tribute<br \/>\nLe festival s&#8217;ouvre par une soir\u00e9e d\u00e9di\u00e9e \u00e0 deux ph\u00e9nom\u00e8nes de la musique italienne. Sur sc\u00e8ne, l&#8217;Achille Lauro Experience Tribute, qui retracera les succ\u00e8s et les ambiances de l&#8217;artiste romain, suivi du 883 Band Tribute, un spectacle qui fera revivre les chansons qui ont accompagn\u00e9 des g\u00e9n\u00e9rations enti\u00e8res, ramenant le public aux ambiances des ann\u00e9es 90 et 2000 entre nostalgie, plaisir et envie de chanter ensemble.<\/p>\n<p>20 juin \u2013 Ir\u00e8ne Grandi en concert<br \/>\nLa deuxi\u00e8me soir\u00e9e met en vedette Irene Grandi, l&#8217;une des voix les plus appr\u00e9ci\u00e9es de la musique italienne. Avec une carri\u00e8re pleine de succ\u00e8s et de chansons devenues de v\u00e9ritables classiques de la pop nationale, l&#8217;artiste apportera \u00e0 Carbonia un spectacle engageant qui traversera les \u00e9tapes les plus significatives de son parcours musical, offrant au public des \u00e9motions, de l&#8217;\u00e9nergie et de grandes performances live.<\/p>\n<p>21 juin \u2013 Festival de musique avec Ivana Spagna<br \/>\nGrande finale le 21 juin, \u00e0 l&#8217;occasion du Festival de Musique, avec la participation extraordinaire d&#8217;Ivana Spagna, protagoniste absolue de la sc\u00e8ne musicale italienne et internationale. L&#8217;artiste retracera ses plus grands succ\u00e8s, de ceux qui ont conquis les charts europ\u00e9ens aux chansons qui continuent de passionner le public italien. Le groupe Skaoss ouvrira la soir\u00e9e, contribuant \u00e0 illuminer l&#8217;ambiance avant l&#8217;arriv\u00e9e de l&#8217;invit\u00e9 sp\u00e9cial.<\/p>\n<p>Trois \u00e9v\u00e9nements, trois soir\u00e9es diff\u00e9rentes et un grand d\u00e9cor : la Piazza Roma \u00e0 Carbonia, qui se transformera en un lieu de rencontre, de musique et de partage sous le ciel d&#8217;\u00e9t\u00e9 du Sulcis. Une occasion sp\u00e9ciale de d\u00e9couvrir le centre-ville \u00e0 travers la culture musicale et pour ceux qui recherchent des \u00e9v\u00e9nements estivaux et veulent savoir quoi faire \u00e0 Carbonia aujourd&#8217;hui.<\/p>\n","protected":false},"excerpt":{"rendered":"<p>Piazza Roma se pr\u00e9pare \u00e0 devenir le c\u0153ur battant de l&#8217;\u00e9t\u00e9 musical de Carbonia avec le DNA Music Festival Sardegna, un \u00e9v\u00e9nement qui mettra en sc\u00e8ne trois \u00e9v\u00e9nements d\u00e9di\u00e9s \u00e0 [&hellip;]<\/p>\n","protected":false},"author":3,"featured_media":16570,"template":"","meta":{"rs_blank_template":"","rs_page_bg_color":"","slide_template_v7":"","_tribe_events_status":"","_tribe_events_status_reason":"","footnotes":""},"tags":[],"tribe_events_cat":[186,156,163,188],"class_list":["post-21155","tribe_events","type-tribe_events","status-publish","has-post-thumbnail","hentry","tribe_events_cat-che-cosa-fare-oggi-a-carbonia","tribe_events_cat-concerti","tribe_events_cat-raduni","tribe_events_cat-spettacoli","cat_che-cosa-fare-oggi-a-carbonia","cat_concerti","cat_raduni","cat_spettacoli"],"_links":{"self":[{"href":"https:\/\/carboniaturismo.it\/fr\/wp-json\/wp\/v2\/tribe_events\/21155","targetHints":{"allow":["GET"]}}],"collection":[{"href":"https:\/\/carboniaturismo.it\/fr\/wp-json\/wp\/v2\/tribe_events"}],"about":[{"href":"https:\/\/carboniaturismo.it\/fr\/wp-json\/wp\/v2\/types\/tribe_events"}],"author":[{"embeddable":true,"href":"https:\/\/carboniaturismo.it\/fr\/wp-json\/wp\/v2\/users\/3"}],"version-history":[{"count":0,"href":"https:\/\/carboniaturismo.it\/fr\/wp-json\/wp\/v2\/tribe_events\/21155\/revisions"}],"wp:featuredmedia":[{"embeddable":true,"href":"https:\/\/carboniaturismo.it\/fr\/wp-json\/wp\/v2\/media\/16570"}],"wp:attachment":[{"href":"https:\/\/carboniaturismo.it\/fr\/wp-json\/wp\/v2\/media?parent=21155"}],"wp:term":[{"taxonomy":"post_tag","embeddable":true,"href":"https:\/\/carboniaturismo.it\/fr\/wp-json\/wp\/v2\/tags?post=21155"},{"taxonomy":"tribe_events_cat","embeddable":true,"href":"https:\/\/carboniaturismo.it\/fr\/wp-json\/wp\/v2\/tribe_events_cat?post=21155"}],"curies":[{"name":"wp","href":"https:\/\/api.w.org\/{rel}","templated":true}]}}

Concerts en Sardaigne : DNA Music Festival Sardaigne, hommage sous les étoiles pour Achille Lauro et 883 &#8211; entrée gratuite

<p>Piazza Roma se prépare à devenir le cœur battant de l&#8217;été musical de Carbonia avec le DNA Music Festival Sardegna, un événement qui mettra en scène trois événements dédiés à la grande musique italienne, parmi lesquels des hommages d&#8217;auteurs, des émotions en direct et des spectacles capables d&#8217;impliquer les publics de tous âges.</p>
<p>L&#8217;initiative, organisée par Pro Loco Carbonia, transformera le centre-ville en une grande scène à ciel ouvert, où les habitants et les visiteurs pourront vivre trois soirées de musique sous les étoiles, sur l&#8217;une des places les plus représentatives de la ville.</p>
<p>19 juin – Achille Lauro Experience Tribute et 883 Band Tribute<br />
Le festival s&#8217;ouvre par une soirée dédiée à deux phénomènes de la musique italienne. Sur scène, l&#8217;Achille Lauro Experience Tribute, qui retracera les succès et les ambiances de l&#8217;artiste romain, suivi du 883 Band Tribute, un spectacle qui fera revivre les chansons qui ont accompagné des générations entières, ramenant le public aux ambiances des années 90 et 2000 entre nostalgie, plaisir et envie de chanter ensemble.</p>
<p>20 juin – Irène Grandi en concert<br />
La deuxième soirée met en vedette Irene Grandi, l&#8217;une des voix les plus appréciées de la musique italienne. Avec une carrière pleine de succès et de chansons devenues de véritables classiques de la pop nationale, l&#8217;artiste apportera à Carbonia un spectacle engageant qui traversera les étapes les plus significatives de son parcours musical, offrant au public des émotions, de l&#8217;énergie et de grandes performances live.</p>
<p>21 juin – Festival de musique avec Ivana Spagna<br />
Grande finale le 21 juin, à l&#8217;occasion du Festival de Musique, avec la participation extraordinaire d&#8217;Ivana Spagna, protagoniste absolue de la scène musicale italienne et internationale. L&#8217;artiste retracera ses plus grands succès, de ceux qui ont conquis les charts européens aux chansons qui continuent de passionner le public italien. Le groupe Skaoss ouvrira la soirée, contribuant à illuminer l&#8217;ambiance avant l&#8217;arrivée de l&#8217;invité spécial.</p>
<p>Trois événements, trois soirées différentes et un grand décor : la Piazza Roma à Carbonia, qui se transformera en un lieu de rencontre, de musique et de partage sous le ciel d&#8217;été du Sulcis. Une occasion spéciale de découvrir le centre-ville à travers la culture musicale et pour ceux qui recherchent des événements estivaux et veulent savoir quoi faire à Carbonia aujourd&#8217;hui.</p>

<p>Piazza Roma se prépare à devenir le cœur battant de l&#8217;été musical de Carbonia avec le DNA Music Festival Sardegna, un événement qui mettra en scène trois événements dédiés à [&hellip;]</p>
