{"id":21141,"date":"2026-07-21T10:28:48","date_gmt":"2026-07-21T10:28:48","guid":{"rendered":"https:\/\/carboniaturismo.it\/event\/expositions-sulcis-iglesiente-bapteme-de-la-selle-a-carbonia\/"},"modified":"2026-07-21T10:28:48","modified_gmt":"2026-07-21T10:28:48","slug":"expositions-sulcis-iglesiente-bapteme-de-la-selle-a-carbonia","status":"publish","type":"tribe_events","link":"https:\/\/carboniaturismo.it\/fr\/event\/expositions-sulcis-iglesiente-bapteme-de-la-selle-a-carbonia\/","title":{"rendered":"Expositions Sulcis Iglesiente : Bapt\u00eame de la selle \u00e0 Carbonia"},"content":{"rendered":"<p>Bapt\u00eame de la Sella \u00e0 Carbonia : \u00e9motions et divertissement pour les plus petits \u00e0 l&#8217;Expo Sulcis Iglesiente.\u00a0Le grand \u00e9v\u00e9nement \u00ab Sulcis Iglesiente Espone \u00bb continue de proposer des spectacles et des exp\u00e9riences pour toute la famille au c\u0153ur de Carbonia.<br \/>\nLe samedi 6 juin, \u00e0 18h00, sur la Piazza Roma de Carbonia, les enfants pourront vivre l&#8217;\u00e9motion du &#8220;Bapt\u00eame de la Selle&#8221;, une activit\u00e9 d\u00e9di\u00e9e aux plus petits pour se rapprocher du monde des chevaux en toute s\u00e9curit\u00e9 et plaisir.<br \/>\n\u00a0<\/p>\n<p>\u00a0<\/p>\n<p>L&#8217;initiative sera g\u00e9r\u00e9e par l&#8217;ASD Meurreddus d&#8217;Andrea Locci, une entreprise engag\u00e9e dans la promotion des traditions \u00e9questres et des activit\u00e9s d\u00e9di\u00e9es aux enfants et aux familles.<br \/>\nL&#8217;\u00e9v\u00e9nement fait partie du programme &#8220;Sulcis Iglesiente Espone&#8221;, le plus grand \u00e9v\u00e9nement de la r\u00e9gion d\u00e9di\u00e9 \u00e0 la gastronomie, aux spectacles, aux traditions, au divertissement et aux activit\u00e9s pour adultes et enfants.<br \/>\nUn apr\u00e8s-midi sp\u00e9cial de sourires, de traditions et d&#8217;activit\u00e9s en plein air lors de l&#8217;un des \u00e9v\u00e9nements les plus attendus du sud de la Sardaigne.<\/p>\n","protected":false},"excerpt":{"rendered":"<p>Bapt\u00eame de la Sella \u00e0 Carbonia : \u00e9motions et divertissement pour les plus petits \u00e0 l&#8217;Expo Sulcis Iglesiente.\u00a0Le grand \u00e9v\u00e9nement \u00ab Sulcis Iglesiente Espone \u00bb continue de proposer des spectacles [&hellip;]<\/p>\n","protected":false},"author":3,"featured_media":16308,"template":"","meta":{"rs_blank_template":"","rs_page_bg_color":"","slide_template_v7":"","_tribe_events_status":"","_tribe_events_status_reason":"","footnotes":""},"tags":[],"tribe_events_cat":[186,163,154],"class_list":["post-21141","tribe_events","type-tribe_events","status-publish","has-post-thumbnail","hentry","tribe_events_cat-che-cosa-fare-oggi-a-carbonia","tribe_events_cat-raduni","tribe_events_cat-sport","cat_che-cosa-fare-oggi-a-carbonia","cat_raduni","cat_sport"],"_links":{"self":[{"href":"https:\/\/carboniaturismo.it\/fr\/wp-json\/wp\/v2\/tribe_events\/21141","targetHints":{"allow":["GET"]}}],"collection":[{"href":"https:\/\/carboniaturismo.it\/fr\/wp-json\/wp\/v2\/tribe_events"}],"about":[{"href":"https:\/\/carboniaturismo.it\/fr\/wp-json\/wp\/v2\/types\/tribe_events"}],"author":[{"embeddable":true,"href":"https:\/\/carboniaturismo.it\/fr\/wp-json\/wp\/v2\/users\/3"}],"version-history":[{"count":0,"href":"https:\/\/carboniaturismo.it\/fr\/wp-json\/wp\/v2\/tribe_events\/21141\/revisions"}],"wp:featuredmedia":[{"embeddable":true,"href":"https:\/\/carboniaturismo.it\/fr\/wp-json\/wp\/v2\/media\/16308"}],"wp:attachment":[{"href":"https:\/\/carboniaturismo.it\/fr\/wp-json\/wp\/v2\/media?parent=21141"}],"wp:term":[{"taxonomy":"post_tag","embeddable":true,"href":"https:\/\/carboniaturismo.it\/fr\/wp-json\/wp\/v2\/tags?post=21141"},{"taxonomy":"tribe_events_cat","embeddable":true,"href":"https:\/\/carboniaturismo.it\/fr\/wp-json\/wp\/v2\/tribe_events_cat?post=21141"}],"curies":[{"name":"wp","href":"https:\/\/api.w.org\/{rel}","templated":true}]}}

Expositions Sulcis Iglesiente : Baptême de la selle à Carbonia

<p>Baptême de la Sella à Carbonia : émotions et divertissement pour les plus petits à l&#8217;Expo Sulcis Iglesiente. Le grand événement « Sulcis Iglesiente Espone » continue de proposer des spectacles et des expériences pour toute la famille au cœur de Carbonia.<br />
Le samedi 6 juin, à 18h00, sur la Piazza Roma de Carbonia, les enfants pourront vivre l&#8217;émotion du &#8220;Baptême de la Selle&#8221;, une activité dédiée aux plus petits pour se rapprocher du monde des chevaux en toute sécurité et plaisir.<br />
 </p>
<p> </p>
<p>L&#8217;initiative sera gérée par l&#8217;ASD Meurreddus d&#8217;Andrea Locci, une entreprise engagée dans la promotion des traditions équestres et des activités dédiées aux enfants et aux familles.<br />
L&#8217;événement fait partie du programme &#8220;Sulcis Iglesiente Espone&#8221;, le plus grand événement de la région dédié à la gastronomie, aux spectacles, aux traditions, au divertissement et aux activités pour adultes et enfants.<br />
Un après-midi spécial de sourires, de traditions et d&#8217;activités en plein air lors de l&#8217;un des événements les plus attendus du sud de la Sardaigne.</p>

<p>Baptême de la Sella à Carbonia : émotions et divertissement pour les plus petits à l&#8217;Expo Sulcis Iglesiente. Le grand événement « Sulcis Iglesiente Espone » continue de proposer des spectacles [&hellip;]</p>
