{"id":21121,"date":"2026-07-21T10:28:05","date_gmt":"2026-07-21T10:28:05","guid":{"rendered":"https:\/\/carboniaturismo.it\/event\/teatro-centrale-carbonia-concert-de-musique-classique-piano-et-quintette-a-cordes\/"},"modified":"2026-07-21T10:28:05","modified_gmt":"2026-07-21T10:28:05","slug":"teatro-centrale-carbonia-concert-de-musique-classique-piano-et-quintette-a-cordes","status":"publish","type":"tribe_events","link":"https:\/\/carboniaturismo.it\/fr\/event\/teatro-centrale-carbonia-concert-de-musique-classique-piano-et-quintette-a-cordes\/","title":{"rendered":"Teatro Centrale Carbonia : Concert de musique classique, piano et quintette \u00e0 cordes"},"content":{"rendered":"<p>Un \u00e9v\u00e9nement d&#8217;un grand charme musical, o\u00f9 le piano dialogue avec le quintette \u00e0 cordes dans un \u00e9quilibre parfait entre son, \u00e9motions et virtuosit\u00e9.<br \/>\nUn voyage \u00e0 travers les atmosph\u00e8res lumineuses et raffin\u00e9es de Wolfgang Amadeus Mozart et les intenses suggestions romantiques de Sergej Rachmaninov.<br \/>\nDes musiciens d&#8217;une grande sensibilit\u00e9 artistique se produiront sur la sc\u00e8ne du Th\u00e9\u00e2tre Central de Carbonia :<\/p>\n<p> \t\ud83c\udfb9 Piano : Michele Spiga<br \/>\n \t\ud83c\udfbb Violons : Massimiliano Pani, Silvio Pani<br \/>\n \t\ud83c\udfbb Alto : Stefano Carta<br \/>\n \t\ud83c\udfbb Violoncelle : Giada Vettori<br \/>\n \t\ud83c\udfbb Contrebasse : Alessio Pavolo<\/p>\n<p>\u00a0<\/p>\n<p>\u00a0<\/p>\n<p>Un ensemble capable de cr\u00e9er un dialogue sonore intense et engageant, o\u00f9 chaque instrument contribue \u00e0 construire une exp\u00e9rience musicale riche en nuances et en profondeur.\u00a0Un concert incontournable pour les amateurs de musique classique et pour ceux qui souhaitent vivre un moment d&#8217;une grande beaut\u00e9 artistique.<\/p>\n","protected":false},"excerpt":{"rendered":"<p>Un \u00e9v\u00e9nement d&#8217;un grand charme musical, o\u00f9 le piano dialogue avec le quintette \u00e0 cordes dans un \u00e9quilibre parfait entre son, \u00e9motions et virtuosit\u00e9. Un voyage \u00e0 travers les atmosph\u00e8res [&hellip;]<\/p>\n","protected":false},"author":3,"featured_media":15740,"template":"","meta":{"rs_blank_template":"","rs_page_bg_color":"","slide_template_v7":"","_tribe_events_status":"","_tribe_events_status_reason":"","footnotes":""},"tags":[],"tribe_events_cat":[186,156,188,157],"class_list":["post-21121","tribe_events","type-tribe_events","status-publish","has-post-thumbnail","hentry","tribe_events_cat-che-cosa-fare-oggi-a-carbonia","tribe_events_cat-concerti","tribe_events_cat-spettacoli","tribe_events_cat-teatro","cat_che-cosa-fare-oggi-a-carbonia","cat_concerti","cat_spettacoli","cat_teatro"],"_links":{"self":[{"href":"https:\/\/carboniaturismo.it\/fr\/wp-json\/wp\/v2\/tribe_events\/21121","targetHints":{"allow":["GET"]}}],"collection":[{"href":"https:\/\/carboniaturismo.it\/fr\/wp-json\/wp\/v2\/tribe_events"}],"about":[{"href":"https:\/\/carboniaturismo.it\/fr\/wp-json\/wp\/v2\/types\/tribe_events"}],"author":[{"embeddable":true,"href":"https:\/\/carboniaturismo.it\/fr\/wp-json\/wp\/v2\/users\/3"}],"version-history":[{"count":0,"href":"https:\/\/carboniaturismo.it\/fr\/wp-json\/wp\/v2\/tribe_events\/21121\/revisions"}],"wp:featuredmedia":[{"embeddable":true,"href":"https:\/\/carboniaturismo.it\/fr\/wp-json\/wp\/v2\/media\/15740"}],"wp:attachment":[{"href":"https:\/\/carboniaturismo.it\/fr\/wp-json\/wp\/v2\/media?parent=21121"}],"wp:term":[{"taxonomy":"post_tag","embeddable":true,"href":"https:\/\/carboniaturismo.it\/fr\/wp-json\/wp\/v2\/tags?post=21121"},{"taxonomy":"tribe_events_cat","embeddable":true,"href":"https:\/\/carboniaturismo.it\/fr\/wp-json\/wp\/v2\/tribe_events_cat?post=21121"}],"curies":[{"name":"wp","href":"https:\/\/api.w.org\/{rel}","templated":true}]}}

Teatro Centrale Carbonia : Concert de musique classique, piano et quintette à cordes

<p>Un événement d&#8217;un grand charme musical, où le piano dialogue avec le quintette à cordes dans un équilibre parfait entre son, émotions et virtuosité.<br />
Un voyage à travers les atmosphères lumineuses et raffinées de Wolfgang Amadeus Mozart et les intenses suggestions romantiques de Sergej Rachmaninov.<br />
Des musiciens d&#8217;une grande sensibilité artistique se produiront sur la scène du Théâtre Central de Carbonia :</p>
<p> 	🎹 Piano : Michele Spiga<br />
 	🎻 Violons : Massimiliano Pani, Silvio Pani<br />
 	🎻 Alto : Stefano Carta<br />
 	🎻 Violoncelle : Giada Vettori<br />
 	🎻 Contrebasse : Alessio Pavolo</p>
<p> </p>
<p> </p>
<p>Un ensemble capable de créer un dialogue sonore intense et engageant, où chaque instrument contribue à construire une expérience musicale riche en nuances et en profondeur. Un concert incontournable pour les amateurs de musique classique et pour ceux qui souhaitent vivre un moment d&#8217;une grande beauté artistique.</p>

<p>Un événement d&#8217;un grand charme musical, où le piano dialogue avec le quintette à cordes dans un équilibre parfait entre son, émotions et virtuosité. Un voyage à travers les atmosphères [&hellip;]</p>
