{"id":21062,"date":"2026-07-21T10:26:09","date_gmt":"2026-07-21T10:26:09","guid":{"rendered":"https:\/\/carboniaturismo.it\/event\/teatro-centrale-carbonia-une-journee-ordinaire\/"},"modified":"2026-07-21T10:26:09","modified_gmt":"2026-07-21T10:26:09","slug":"teatro-centrale-carbonia-une-journee-ordinaire","status":"publish","type":"tribe_events","link":"https:\/\/carboniaturismo.it\/fr\/event\/teatro-centrale-carbonia-une-journee-ordinaire\/","title":{"rendered":"Teatro Centrale Carbonia : Une journ\u00e9e ordinaire"},"content":{"rendered":"<p>Brillante com\u00e9die au go\u00fbt Fo\/Copper, &#8220;Una Giorno Quale&#8221; d\u00e9peint avec ironie les n\u00e9vroses et la solitude de Giulia, une directrice de publicit\u00e9 qui vient de se s\u00e9parer apr\u00e8s 35 ans, qui vit dans un studio hyper-technologique et envisage de se suicider en enregistrant un message vid\u00e9o \u00e0 son ex-mari.<\/p>\n<p>Un malentendu journalistique transforme son num\u00e9ro en adresse d&#8217;un psychiatre : appels t\u00e9l\u00e9phoniques incessants de femmes d\u00e9sesp\u00e9r\u00e9es, dialogues surr\u00e9alistes dans une spirale comique qui d\u00e9monte son \u00ab geste extr\u00eame \u00bb.<\/p>\n<p> \tde Dario Fo et Franca Rame<br \/>\n \tAvec : Gaia De Laurentis, Stefano Artissunch, Lorenzo Artissunch<br \/>\n \tMusique\u00a0: Groupe Osiris<br \/>\n \tR\u00e9alisateur : Stefano Artissunch<br \/>\n \tProduction : Synergie Teatrali<\/p>\n<p>\u00a0<\/p>\n<p>Spectacle \u00e0 20h30<\/p>\n<p>\u00a0<br \/>\nInfos et r\u00e9servations\u00a0:\u00a0Cedac Sardaigne<br \/>\n\u00a0<\/p>\n","protected":false},"excerpt":{"rendered":"<p>Brillante com\u00e9die au go\u00fbt Fo\/Copper, &#8220;Una Giorno Quale&#8221; d\u00e9peint avec ironie les n\u00e9vroses et la solitude de Giulia, une directrice de publicit\u00e9 qui vient de se s\u00e9parer apr\u00e8s 35 ans, [&hellip;]<\/p>\n","protected":false},"author":1,"featured_media":13159,"template":"","meta":{"rs_blank_template":"","rs_page_bg_color":"","slide_template_v7":"","_tribe_events_status":"","_tribe_events_status_reason":"","footnotes":""},"tags":[],"tribe_events_cat":[188,157],"class_list":["post-21062","tribe_events","type-tribe_events","status-publish","has-post-thumbnail","hentry","tribe_events_cat-spettacoli","tribe_events_cat-teatro","cat_spettacoli","cat_teatro"],"_links":{"self":[{"href":"https:\/\/carboniaturismo.it\/fr\/wp-json\/wp\/v2\/tribe_events\/21062","targetHints":{"allow":["GET"]}}],"collection":[{"href":"https:\/\/carboniaturismo.it\/fr\/wp-json\/wp\/v2\/tribe_events"}],"about":[{"href":"https:\/\/carboniaturismo.it\/fr\/wp-json\/wp\/v2\/types\/tribe_events"}],"author":[{"embeddable":true,"href":"https:\/\/carboniaturismo.it\/fr\/wp-json\/wp\/v2\/users\/1"}],"version-history":[{"count":0,"href":"https:\/\/carboniaturismo.it\/fr\/wp-json\/wp\/v2\/tribe_events\/21062\/revisions"}],"wp:featuredmedia":[{"embeddable":true,"href":"https:\/\/carboniaturismo.it\/fr\/wp-json\/wp\/v2\/media\/13159"}],"wp:attachment":[{"href":"https:\/\/carboniaturismo.it\/fr\/wp-json\/wp\/v2\/media?parent=21062"}],"wp:term":[{"taxonomy":"post_tag","embeddable":true,"href":"https:\/\/carboniaturismo.it\/fr\/wp-json\/wp\/v2\/tags?post=21062"},{"taxonomy":"tribe_events_cat","embeddable":true,"href":"https:\/\/carboniaturismo.it\/fr\/wp-json\/wp\/v2\/tribe_events_cat?post=21062"}],"curies":[{"name":"wp","href":"https:\/\/api.w.org\/{rel}","templated":true}]}}

Teatro Centrale Carbonia : Une journée ordinaire

<p>Brillante comédie au goût Fo/Copper, &#8220;Una Giorno Quale&#8221; dépeint avec ironie les névroses et la solitude de Giulia, une directrice de publicité qui vient de se séparer après 35 ans, qui vit dans un studio hyper-technologique et envisage de se suicider en enregistrant un message vidéo à son ex-mari.</p>
<p>Un malentendu journalistique transforme son numéro en adresse d&#8217;un psychiatre : appels téléphoniques incessants de femmes désespérées, dialogues surréalistes dans une spirale comique qui démonte son « geste extrême ».</p>
<p> 	de Dario Fo et Franca Rame<br />
 	Avec : Gaia De Laurentis, Stefano Artissunch, Lorenzo Artissunch<br />
 	Musique : Groupe Osiris<br />
 	Réalisateur : Stefano Artissunch<br />
 	Production : Synergie Teatrali</p>
<p> </p>
<p>Spectacle à 20h30</p>
<p> <br />
Infos et réservations : Cedac Sardaigne<br />
 </p>

<p>Brillante comédie au goût Fo/Copper, &#8220;Una Giorno Quale&#8221; dépeint avec ironie les névroses et la solitude de Giulia, une directrice de publicité qui vient de se séparer après 35 ans, [&hellip;]</p>
