{"id":21004,"date":"2026-07-21T10:24:14","date_gmt":"2026-07-21T10:24:14","guid":{"rendered":"https:\/\/carboniaturismo.it\/event\/cinema-sous-les-etoiles-nemos-prendre-la-mer\/"},"modified":"2026-07-21T10:24:14","modified_gmt":"2026-07-21T10:24:14","slug":"cinema-sous-les-etoiles-nemos-prendre-la-mer","status":"publish","type":"tribe_events","link":"https:\/\/carboniaturismo.it\/fr\/event\/cinema-sous-les-etoiles-nemos-prendre-la-mer\/","title":{"rendered":"Cin\u00e9ma sous les \u00e9toiles &#8211; N\u00e8mos, prendre la mer"},"content":{"rendered":"<p>Jeudi soir, \u00e0 21h30, la Mirastelle Arena de la Piazza Roma reprend vie avec &#8220;Cin\u00e9ma sous les \u00e9toiles&#8221; et la projection de N\u00e8mos &#8211; Andando per mare : un docu-r\u00e9cit po\u00e9tique qui suit p\u00eacheurs, marins et biologistes le long des routes de la M\u00e9diterran\u00e9e, entre tradition et d\u00e9fis environnementaux.<\/p>\n<p>Sous le ciel d\u00e9gag\u00e9 du Sulcis, le grand \u00e9cran ext\u00e9rieur proposera des images sous-marines \u00e9poustouflantes, des t\u00e9moignages in\u00e9dits de la vie \u00e0 bord et une musique originale qui berce le spectateur comme le roulement des vagues.<\/p>\n<p>Du popcorn fait maison et des boissons fra\u00eeches seront disponibles aux kiosques de l&#8217;ar\u00e8ne ; entr\u00e9e jusqu&#8217;\u00e0 \u00e9puisement des places. Une soir\u00e9e parfaite pour voyager \u00ab par mer \u00bb tout en restant au c\u0153ur de Carbonia, immerg\u00e9 dans la magie du cin\u00e9ma et des stars.<\/p>\n","protected":false},"excerpt":{"rendered":"<p>Jeudi soir, \u00e0 21h30, la Mirastelle Arena de la Piazza Roma reprend vie avec &#8220;Cin\u00e9ma sous les \u00e9toiles&#8221; et la projection de N\u00e8mos &#8211; Andando per mare : un docu-r\u00e9cit [&hellip;]<\/p>\n","protected":false},"author":1,"featured_media":12750,"template":"","meta":{"rs_blank_template":"","rs_page_bg_color":"","slide_template_v7":"","_tribe_events_status":"","_tribe_events_status_reason":"","footnotes":""},"tags":[],"tribe_events_cat":[],"class_list":["post-21004","tribe_events","type-tribe_events","status-publish","has-post-thumbnail","hentry"],"_links":{"self":[{"href":"https:\/\/carboniaturismo.it\/fr\/wp-json\/wp\/v2\/tribe_events\/21004","targetHints":{"allow":["GET"]}}],"collection":[{"href":"https:\/\/carboniaturismo.it\/fr\/wp-json\/wp\/v2\/tribe_events"}],"about":[{"href":"https:\/\/carboniaturismo.it\/fr\/wp-json\/wp\/v2\/types\/tribe_events"}],"author":[{"embeddable":true,"href":"https:\/\/carboniaturismo.it\/fr\/wp-json\/wp\/v2\/users\/1"}],"version-history":[{"count":0,"href":"https:\/\/carboniaturismo.it\/fr\/wp-json\/wp\/v2\/tribe_events\/21004\/revisions"}],"wp:featuredmedia":[{"embeddable":true,"href":"https:\/\/carboniaturismo.it\/fr\/wp-json\/wp\/v2\/media\/12750"}],"wp:attachment":[{"href":"https:\/\/carboniaturismo.it\/fr\/wp-json\/wp\/v2\/media?parent=21004"}],"wp:term":[{"taxonomy":"post_tag","embeddable":true,"href":"https:\/\/carboniaturismo.it\/fr\/wp-json\/wp\/v2\/tags?post=21004"},{"taxonomy":"tribe_events_cat","embeddable":true,"href":"https:\/\/carboniaturismo.it\/fr\/wp-json\/wp\/v2\/tribe_events_cat?post=21004"}],"curies":[{"name":"wp","href":"https:\/\/api.w.org\/{rel}","templated":true}]}}

Cinéma sous les étoiles &#8211; Nèmos, prendre la mer

<p>Jeudi soir, à 21h30, la Mirastelle Arena de la Piazza Roma reprend vie avec &#8220;Cinéma sous les étoiles&#8221; et la projection de Nèmos &#8211; Andando per mare : un docu-récit poétique qui suit pêcheurs, marins et biologistes le long des routes de la Méditerranée, entre tradition et défis environnementaux.</p>
<p>Sous le ciel dégagé du Sulcis, le grand écran extérieur proposera des images sous-marines époustouflantes, des témoignages inédits de la vie à bord et une musique originale qui berce le spectateur comme le roulement des vagues.</p>
<p>Du popcorn fait maison et des boissons fraîches seront disponibles aux kiosques de l&#8217;arène ; entrée jusqu&#8217;à épuisement des places. Une soirée parfaite pour voyager « par mer » tout en restant au cœur de Carbonia, immergé dans la magie du cinéma et des stars.</p>

<p>Jeudi soir, à 21h30, la Mirastelle Arena de la Piazza Roma reprend vie avec &#8220;Cinéma sous les étoiles&#8221; et la projection de Nèmos &#8211; Andando per mare : un docu-récit [&hellip;]</p>
