{"id":20995,"date":"2026-07-21T10:23:57","date_gmt":"2026-07-21T10:23:57","guid":{"rendered":"https:\/\/carboniaturismo.it\/event\/activites-sportives-et-recreatives-a-bacu-abis-dans-le-sulcis\/"},"modified":"2026-07-21T10:23:57","modified_gmt":"2026-07-21T10:23:57","slug":"activites-sportives-et-recreatives-a-bacu-abis-dans-le-sulcis","status":"publish","type":"tribe_events","link":"https:\/\/carboniaturismo.it\/fr\/event\/activites-sportives-et-recreatives-a-bacu-abis-dans-le-sulcis\/","title":{"rendered":"Activit\u00e9s sportives et r\u00e9cr\u00e9atives \u00e0 Bacu Abis dans le Sulcis"},"content":{"rendered":"<p>Du 28 au 30 juillet, tous les soirs \u00e0 partir de 21h, le hameau minier de Bacu Abis se transforme en un centre sportif et r\u00e9cr\u00e9atif anim\u00e9 gr\u00e2ce au programme d&#8217;activit\u00e9s r\u00e9parties entre l&#8217;historique Piazza Santa Barbara et le voisin Circolo Bocciofilo.<br \/>\nUne ar\u00e8ne en plein air prend vie sur la Piazza Santa Barbara avec :<\/p>\n<p> \tTournois rapides de baby-foot et de ping-pong ouverts \u00e0 tous les \u00e2ges.<br \/>\n \tD\u00e9monstrations d&#8217;activit\u00e9s sportives organis\u00e9es par les salles de sport locales.<br \/>\n \tUn espace enfants avec jeux et maquillage, encadr\u00e9 par des animateurs dipl\u00f4m\u00e9s.+<\/p>\n<p>Au Circolo Bocciofilo, le c\u0153ur social du village, se jouent :<\/p>\n<p> \tTournois de p\u00e9tanque.<br \/>\n \tMatchs d&#8217;anciens passe-temps sardes.<br \/>\n \tLe coin gastronomique avec les sp\u00e9cialit\u00e9s du Sulcis.<\/p>\n<p>Bacu Abis propose trois soir\u00e9es de sport, de socialit\u00e9 et de tradition mini\u00e8re \u00e0 vivre sous les \u00e9toiles de Sulcis.<\/p>\n","protected":false},"excerpt":{"rendered":"<p>Du 28 au 30 juillet, tous les soirs \u00e0 partir de 21h, le hameau minier de Bacu Abis se transforme en un centre sportif et r\u00e9cr\u00e9atif anim\u00e9 gr\u00e2ce au programme [&hellip;]<\/p>\n","protected":false},"author":1,"featured_media":12720,"template":"","meta":{"rs_blank_template":"","rs_page_bg_color":"","slide_template_v7":"","_tribe_events_status":"","_tribe_events_status_reason":"","footnotes":""},"tags":[],"tribe_events_cat":[155,159,154],"class_list":["post-20995","tribe_events","type-tribe_events","status-publish","has-post-thumbnail","hentry","tribe_events_cat-artigianato","tribe_events_cat-sagra-agroalimentare","tribe_events_cat-sport","cat_artigianato","cat_sagra-agroalimentare","cat_sport"],"_links":{"self":[{"href":"https:\/\/carboniaturismo.it\/fr\/wp-json\/wp\/v2\/tribe_events\/20995","targetHints":{"allow":["GET"]}}],"collection":[{"href":"https:\/\/carboniaturismo.it\/fr\/wp-json\/wp\/v2\/tribe_events"}],"about":[{"href":"https:\/\/carboniaturismo.it\/fr\/wp-json\/wp\/v2\/types\/tribe_events"}],"author":[{"embeddable":true,"href":"https:\/\/carboniaturismo.it\/fr\/wp-json\/wp\/v2\/users\/1"}],"version-history":[{"count":0,"href":"https:\/\/carboniaturismo.it\/fr\/wp-json\/wp\/v2\/tribe_events\/20995\/revisions"}],"wp:featuredmedia":[{"embeddable":true,"href":"https:\/\/carboniaturismo.it\/fr\/wp-json\/wp\/v2\/media\/12720"}],"wp:attachment":[{"href":"https:\/\/carboniaturismo.it\/fr\/wp-json\/wp\/v2\/media?parent=20995"}],"wp:term":[{"taxonomy":"post_tag","embeddable":true,"href":"https:\/\/carboniaturismo.it\/fr\/wp-json\/wp\/v2\/tags?post=20995"},{"taxonomy":"tribe_events_cat","embeddable":true,"href":"https:\/\/carboniaturismo.it\/fr\/wp-json\/wp\/v2\/tribe_events_cat?post=20995"}],"curies":[{"name":"wp","href":"https:\/\/api.w.org\/{rel}","templated":true}]}}

Activités sportives et récréatives à Bacu Abis dans le Sulcis

<p>Du 28 au 30 juillet, tous les soirs à partir de 21h, le hameau minier de Bacu Abis se transforme en un centre sportif et récréatif animé grâce au programme d&#8217;activités réparties entre l&#8217;historique Piazza Santa Barbara et le voisin Circolo Bocciofilo.<br />
Une arène en plein air prend vie sur la Piazza Santa Barbara avec :</p>
<p> 	Tournois rapides de baby-foot et de ping-pong ouverts à tous les âges.<br />
 	Démonstrations d&#8217;activités sportives organisées par les salles de sport locales.<br />
 	Un espace enfants avec jeux et maquillage, encadré par des animateurs diplômés.+</p>
<p>Au Circolo Bocciofilo, le cœur social du village, se jouent :</p>
<p> 	Tournois de pétanque.<br />
 	Matchs d&#8217;anciens passe-temps sardes.<br />
 	Le coin gastronomique avec les spécialités du Sulcis.</p>
<p>Bacu Abis propose trois soirées de sport, de socialité et de tradition minière à vivre sous les étoiles de Sulcis.</p>

<p>Du 28 au 30 juillet, tous les soirs à partir de 21h, le hameau minier de Bacu Abis se transforme en un centre sportif et récréatif animé grâce au programme [&hellip;]</p>
