{"id":20981,"date":"2026-07-21T10:23:42","date_gmt":"2026-07-21T10:23:42","guid":{"rendered":"https:\/\/carboniaturismo.it\/event\/iiieme-festival-des-boulettes-de-viande-bacu-abis-piazza-santa-barbara-et-circolo-bocciofilo\/"},"modified":"2026-07-21T10:23:42","modified_gmt":"2026-07-21T10:23:42","slug":"iiieme-festival-des-boulettes-de-viande-bacu-abis-piazza-santa-barbara-et-circolo-bocciofilo","status":"publish","type":"tribe_events","link":"https:\/\/carboniaturismo.it\/fr\/event\/iiieme-festival-des-boulettes-de-viande-bacu-abis-piazza-santa-barbara-et-circolo-bocciofilo\/","title":{"rendered":"III\u00e8me Festival des Boulettes de Viande &#8211; Bacu Abis &#8211; Piazza Santa Barbara et Circolo Bocciofilo"},"content":{"rendered":"<p>Le samedi 26 juillet, \u00e0 partir de 20 heures, la place historique Santa Barbara de Bacu Abis se transformera en une grande cuisine en plein air pour le 3e Sulcis Meatball Festival.<br \/>\nEntre parfums de sauce et ar\u00f4mes de myrte, les associations du village minier serviront plus de dix variantes de boulettes de viande : classique \u00e0 la tomate, veau \u00e0 la menthe, thon et pommes de terre \u00ab fa\u00e7on Carlofortina \u00bb, jusqu&#8217;aux versions v\u00e9g\u00e9tariennes aux aubergines et pecorino.<br \/>\nLa soir\u00e9e sera accompagn\u00e9e de vins Cannonau et Carignano, de stands de desserts typiques, de musique folk-rock live et d&#8217;un march\u00e9 artisanal local. Les b\u00e9n\u00e9fices serviront \u00e0 soutenir les travaux de restauration de l&#8217;\u00e9glise de Santa Barbara, le c\u0153ur spirituel des mineurs.<br \/>\nL&#8217;entr\u00e9e est gratuite ; Pour s\u00e9curiser votre plateau de d\u00e9gustation, nous vous conseillons d&#8217;arriver un peu en avance. Une occasion incontournable de savourer le meilleur de la tradition du Sulcis et de vivre l&#8217;ambiance conviviale de Bacu Abis sous les \u00e9toiles de l&#8217;\u00e9t\u00e9.<\/p>\n","protected":false},"excerpt":{"rendered":"<p>Le samedi 26 juillet, \u00e0 partir de 20 heures, la place historique Santa Barbara de Bacu Abis se transformera en une grande cuisine en plein air pour le 3e Sulcis [&hellip;]<\/p>\n","protected":false},"author":1,"featured_media":12670,"template":"","meta":{"rs_blank_template":"","rs_page_bg_color":"","slide_template_v7":"","_tribe_events_status":"","_tribe_events_status_reason":"","footnotes":""},"tags":[],"tribe_events_cat":[155,159,188],"class_list":["post-20981","tribe_events","type-tribe_events","status-publish","has-post-thumbnail","hentry","tribe_events_cat-artigianato","tribe_events_cat-sagra-agroalimentare","tribe_events_cat-spettacoli","cat_artigianato","cat_sagra-agroalimentare","cat_spettacoli"],"_links":{"self":[{"href":"https:\/\/carboniaturismo.it\/fr\/wp-json\/wp\/v2\/tribe_events\/20981","targetHints":{"allow":["GET"]}}],"collection":[{"href":"https:\/\/carboniaturismo.it\/fr\/wp-json\/wp\/v2\/tribe_events"}],"about":[{"href":"https:\/\/carboniaturismo.it\/fr\/wp-json\/wp\/v2\/types\/tribe_events"}],"author":[{"embeddable":true,"href":"https:\/\/carboniaturismo.it\/fr\/wp-json\/wp\/v2\/users\/1"}],"version-history":[{"count":0,"href":"https:\/\/carboniaturismo.it\/fr\/wp-json\/wp\/v2\/tribe_events\/20981\/revisions"}],"wp:featuredmedia":[{"embeddable":true,"href":"https:\/\/carboniaturismo.it\/fr\/wp-json\/wp\/v2\/media\/12670"}],"wp:attachment":[{"href":"https:\/\/carboniaturismo.it\/fr\/wp-json\/wp\/v2\/media?parent=20981"}],"wp:term":[{"taxonomy":"post_tag","embeddable":true,"href":"https:\/\/carboniaturismo.it\/fr\/wp-json\/wp\/v2\/tags?post=20981"},{"taxonomy":"tribe_events_cat","embeddable":true,"href":"https:\/\/carboniaturismo.it\/fr\/wp-json\/wp\/v2\/tribe_events_cat?post=20981"}],"curies":[{"name":"wp","href":"https:\/\/api.w.org\/{rel}","templated":true}]}}

IIIème Festival des Boulettes de Viande &#8211; Bacu Abis &#8211; Piazza Santa Barbara et Circolo Bocciofilo

<p>Le samedi 26 juillet, à partir de 20 heures, la place historique Santa Barbara de Bacu Abis se transformera en une grande cuisine en plein air pour le 3e Sulcis Meatball Festival.<br />
Entre parfums de sauce et arômes de myrte, les associations du village minier serviront plus de dix variantes de boulettes de viande : classique à la tomate, veau à la menthe, thon et pommes de terre « façon Carlofortina », jusqu&#8217;aux versions végétariennes aux aubergines et pecorino.<br />
La soirée sera accompagnée de vins Cannonau et Carignano, de stands de desserts typiques, de musique folk-rock live et d&#8217;un marché artisanal local. Les bénéfices serviront à soutenir les travaux de restauration de l&#8217;église de Santa Barbara, le cœur spirituel des mineurs.<br />
L&#8217;entrée est gratuite ; Pour sécuriser votre plateau de dégustation, nous vous conseillons d&#8217;arriver un peu en avance. Une occasion incontournable de savourer le meilleur de la tradition du Sulcis et de vivre l&#8217;ambiance conviviale de Bacu Abis sous les étoiles de l&#8217;été.</p>

<p>Le samedi 26 juillet, à partir de 20 heures, la place historique Santa Barbara de Bacu Abis se transformera en une grande cuisine en plein air pour le 3e Sulcis [&hellip;]</p>
