{"id":20969,"date":"2026-07-21T10:23:18","date_gmt":"2026-07-21T10:23:18","guid":{"rendered":"https:\/\/carboniaturismo.it\/event\/spectacle-de-danse-sage-batuca-dance-alice-au-pays-des-merveilles\/"},"modified":"2026-07-21T10:23:18","modified_gmt":"2026-07-21T10:23:18","slug":"spectacle-de-danse-sage-batuca-dance-alice-au-pays-des-merveilles","status":"publish","type":"tribe_events","link":"https:\/\/carboniaturismo.it\/fr\/event\/spectacle-de-danse-sage-batuca-dance-alice-au-pays-des-merveilles\/","title":{"rendered":"Spectacle de danse sage &#8211; Batuca Dance &#8211; Alice au pays des merveilles"},"content":{"rendered":"<p>Jeudi 24 juillet 2025, \u00e0 21h30, la Piazza Marmilla devient une sc\u00e8ne \u00e0 ciel ouvert pour le spectacle de danse \u00ab Alice au pays des merveilles \u00bb de Batuca Dance.<\/p>\n<p>Des plus jeunes \u00e9l\u00e8ves aux groupes avanc\u00e9s, plus de soixante-dix danseurs guideront le public dans un voyage chor\u00e9graphique entra\u00eenant entre le Lapin Blanc, le Chapelier Fou et la Reine de C\u0153ur, m\u00ealant rythmes modernes, hip-hop, classiques et \u00ab batuca \u00bb d&#8217;inspiration latino-africaine.<\/p>\n<p>Costumes flamboyants, projections num\u00e9riques et jeux de lumi\u00e8re transformeront la place-amphith\u00e9\u00e2tre en un monde onirique sous les \u00e9toiles. Entr\u00e9e libre; places limit\u00e9es sur les marches, il est donc conseill\u00e9 d&#8217;arriver un peu t\u00f4t et de profiter du coucher de soleil avant que la trappe ne s&#8217;ouvre vers les merveilles d&#8217;Alice.<\/p>\n","protected":false},"excerpt":{"rendered":"<p>Jeudi 24 juillet 2025, \u00e0 21h30, la Piazza Marmilla devient une sc\u00e8ne \u00e0 ciel ouvert pour le spectacle de danse \u00ab Alice au pays des merveilles \u00bb de Batuca Dance. [&hellip;]<\/p>\n","protected":false},"author":1,"featured_media":12581,"template":"","meta":{"rs_blank_template":"","rs_page_bg_color":"","slide_template_v7":"","_tribe_events_status":"","_tribe_events_status_reason":"","footnotes":""},"tags":[],"tribe_events_cat":[156,188,157],"class_list":["post-20969","tribe_events","type-tribe_events","status-publish","has-post-thumbnail","hentry","tribe_events_cat-concerti","tribe_events_cat-spettacoli","tribe_events_cat-teatro","cat_concerti","cat_spettacoli","cat_teatro"],"_links":{"self":[{"href":"https:\/\/carboniaturismo.it\/fr\/wp-json\/wp\/v2\/tribe_events\/20969","targetHints":{"allow":["GET"]}}],"collection":[{"href":"https:\/\/carboniaturismo.it\/fr\/wp-json\/wp\/v2\/tribe_events"}],"about":[{"href":"https:\/\/carboniaturismo.it\/fr\/wp-json\/wp\/v2\/types\/tribe_events"}],"author":[{"embeddable":true,"href":"https:\/\/carboniaturismo.it\/fr\/wp-json\/wp\/v2\/users\/1"}],"version-history":[{"count":0,"href":"https:\/\/carboniaturismo.it\/fr\/wp-json\/wp\/v2\/tribe_events\/20969\/revisions"}],"wp:featuredmedia":[{"embeddable":true,"href":"https:\/\/carboniaturismo.it\/fr\/wp-json\/wp\/v2\/media\/12581"}],"wp:attachment":[{"href":"https:\/\/carboniaturismo.it\/fr\/wp-json\/wp\/v2\/media?parent=20969"}],"wp:term":[{"taxonomy":"post_tag","embeddable":true,"href":"https:\/\/carboniaturismo.it\/fr\/wp-json\/wp\/v2\/tags?post=20969"},{"taxonomy":"tribe_events_cat","embeddable":true,"href":"https:\/\/carboniaturismo.it\/fr\/wp-json\/wp\/v2\/tribe_events_cat?post=20969"}],"curies":[{"name":"wp","href":"https:\/\/api.w.org\/{rel}","templated":true}]}}

<p>Jeudi 24 juillet 2025, à 21h30, la Piazza Marmilla devient une scène à ciel ouvert pour le spectacle de danse « Alice au pays des merveilles » de Batuca Dance.</p>
<p>Des plus jeunes élèves aux groupes avancés, plus de soixante-dix danseurs guideront le public dans un voyage chorégraphique entraînant entre le Lapin Blanc, le Chapelier Fou et la Reine de Cœur, mêlant rythmes modernes, hip-hop, classiques et « batuca » d&#8217;inspiration latino-africaine.</p>
<p>Costumes flamboyants, projections numériques et jeux de lumière transformeront la place-amphithéâtre en un monde onirique sous les étoiles. Entrée libre; places limitées sur les marches, il est donc conseillé d&#8217;arriver un peu tôt et de profiter du coucher de soleil avant que la trappe ne s&#8217;ouvre vers les merveilles d&#8217;Alice.</p>

<p>Jeudi 24 juillet 2025, à 21h30, la Piazza Marmilla devient une scène à ciel ouvert pour le spectacle de danse « Alice au pays des merveilles » de Batuca Dance. [&hellip;]</p>
