{"id":20963,"date":"2026-07-21T10:23:09","date_gmt":"2026-07-21T10:23:09","guid":{"rendered":"https:\/\/carboniaturismo.it\/event\/apercu-de-la-fete-de-santa-barbara\/"},"modified":"2026-07-21T10:23:09","modified_gmt":"2026-07-21T10:23:09","slug":"apercu-de-la-fete-de-santa-barbara","status":"publish","type":"tribe_events","link":"https:\/\/carboniaturismo.it\/fr\/event\/apercu-de-la-fete-de-santa-barbara\/","title":{"rendered":"Aper\u00e7u de la f\u00eate de Santa Barbara"},"content":{"rendered":"<p>Du 18 au 20 juillet 2025, \u00e0 partir de 21h00 \u00e0 Bacu Abis (Carbonia) L&#8217;avant-premi\u00e8re du Festival de Santa Barbara illuminera pendant trois soir\u00e9es le hameau minier historique : la Piazza Santa Barbara se transformera en salon en plein air avec des concerts folk-rock, des d\u00e9gustations de malloreddus et de friandises typiques, des expositions photographiques sur l&#8217;\u00e9pop\u00e9e du charbon et des stands de solidarit\u00e9 des associations locales.<\/p>\n<p>L&#8217;\u00e9v\u00e9nement introduit la 67\u00e8me \u00e9dition des c\u00e9l\u00e9brations d\u00e9di\u00e9es au saint patron des mineurs, rappelant les sir\u00e8nes de service et les casques lumineux dans un m\u00e9lange de d\u00e9votion et de convivialit\u00e9 estivale. Entr\u00e9e libre; les b\u00e9n\u00e9fices des loteries et des stands de restauration seront affect\u00e9s \u00e0 la restauration de la petite \u00e9glise du hameau.<\/p>\n","protected":false},"excerpt":{"rendered":"<p>Du 18 au 20 juillet 2025, \u00e0 partir de 21h00 \u00e0 Bacu Abis (Carbonia) L&#8217;avant-premi\u00e8re du Festival de Santa Barbara illuminera pendant trois soir\u00e9es le hameau minier historique : la [&hellip;]<\/p>\n","protected":false},"author":1,"featured_media":12547,"template":"","meta":{"rs_blank_template":"","rs_page_bg_color":"","slide_template_v7":"","_tribe_events_status":"","_tribe_events_status_reason":"","footnotes":""},"tags":[],"tribe_events_cat":[155,156,159,188],"class_list":["post-20963","tribe_events","type-tribe_events","status-publish","has-post-thumbnail","hentry","tribe_events_cat-artigianato","tribe_events_cat-concerti","tribe_events_cat-sagra-agroalimentare","tribe_events_cat-spettacoli","cat_artigianato","cat_concerti","cat_sagra-agroalimentare","cat_spettacoli"],"_links":{"self":[{"href":"https:\/\/carboniaturismo.it\/fr\/wp-json\/wp\/v2\/tribe_events\/20963","targetHints":{"allow":["GET"]}}],"collection":[{"href":"https:\/\/carboniaturismo.it\/fr\/wp-json\/wp\/v2\/tribe_events"}],"about":[{"href":"https:\/\/carboniaturismo.it\/fr\/wp-json\/wp\/v2\/types\/tribe_events"}],"author":[{"embeddable":true,"href":"https:\/\/carboniaturismo.it\/fr\/wp-json\/wp\/v2\/users\/1"}],"version-history":[{"count":0,"href":"https:\/\/carboniaturismo.it\/fr\/wp-json\/wp\/v2\/tribe_events\/20963\/revisions"}],"wp:featuredmedia":[{"embeddable":true,"href":"https:\/\/carboniaturismo.it\/fr\/wp-json\/wp\/v2\/media\/12547"}],"wp:attachment":[{"href":"https:\/\/carboniaturismo.it\/fr\/wp-json\/wp\/v2\/media?parent=20963"}],"wp:term":[{"taxonomy":"post_tag","embeddable":true,"href":"https:\/\/carboniaturismo.it\/fr\/wp-json\/wp\/v2\/tags?post=20963"},{"taxonomy":"tribe_events_cat","embeddable":true,"href":"https:\/\/carboniaturismo.it\/fr\/wp-json\/wp\/v2\/tribe_events_cat?post=20963"}],"curies":[{"name":"wp","href":"https:\/\/api.w.org\/{rel}","templated":true}]}}

Aperçu de la fête de Santa Barbara

<p>Du 18 au 20 juillet 2025, à partir de 21h00 à Bacu Abis (Carbonia) L&#8217;avant-première du Festival de Santa Barbara illuminera pendant trois soirées le hameau minier historique : la Piazza Santa Barbara se transformera en salon en plein air avec des concerts folk-rock, des dégustations de malloreddus et de friandises typiques, des expositions photographiques sur l&#8217;épopée du charbon et des stands de solidarité des associations locales.</p>
<p>L&#8217;événement introduit la 67ème édition des célébrations dédiées au saint patron des mineurs, rappelant les sirènes de service et les casques lumineux dans un mélange de dévotion et de convivialité estivale. Entrée libre; les bénéfices des loteries et des stands de restauration seront affectés à la restauration de la petite église du hameau.</p>

<p>Du 18 au 20 juillet 2025, à partir de 21h00 à Bacu Abis (Carbonia) L&#8217;avant-première du Festival de Santa Barbara illuminera pendant trois soirées le hameau minier historique : la [&hellip;]</p>
