{"id":20959,"date":"2026-07-21T10:23:05","date_gmt":"2026-07-21T10:23:05","guid":{"rendered":"https:\/\/carboniaturismo.it\/event\/nuits-a-monte-sirai-adeus\/"},"modified":"2026-07-21T10:23:05","modified_gmt":"2026-07-21T10:23:05","slug":"nuits-a-monte-sirai-adeus","status":"publish","type":"tribe_events","link":"https:\/\/carboniaturismo.it\/fr\/event\/nuits-a-monte-sirai-adeus\/","title":{"rendered":"Nuits \u00e0 Monte Sirai &#8211; Adeus"},"content":{"rendered":"<p>Le vendredi 18 juillet 2025, \u00e0 21h30, l&#8217;amphith\u00e9\u00e2tre rock du Monte Sirai s&#8217;illuminera pour &#8220;Adeus&#8221;, la sc\u00e8ne centrale de la XVIIe \u00e9dition de Notti a Monte Sirai. Sign\u00e9 par le collectif Oltrenotte, le spectacle m\u00eale danse, musique live et th\u00e9\u00e2tre physique dans une histoire po\u00e9tique &#8211; parfois ironique &#8211; sur le passage du temps et la beaut\u00e9 de l&#8217;\u00e2ge, avec des acrobaties, des boucles \u00e9lectroniques et des chants en langue sarde qui dialoguent avec les ruines ph\u00e9nico-puniques derri\u00e8re.<br \/>\nLe public sera assis sur les marches de pierre surplombant le golfe du Sulcis, tandis que le coucher du soleil laisse place \u00e0 un ciel constell\u00e9 : une atmosph\u00e8re unique qui fait \u00e9cho aux notes et aux mouvements des artistes. Places limit\u00e9es; nous vous recommandons d&#8217;arriver t\u00f4t pour la visite guid\u00e9e du parc arch\u00e9ologique et de profiter de l&#8217;ap\u00e9ritif panoramique avant que la nuit ne tombe et que la magie commence.<\/p>\n","protected":false},"excerpt":{"rendered":"<p>Le vendredi 18 juillet 2025, \u00e0 21h30, l&#8217;amphith\u00e9\u00e2tre rock du Monte Sirai s&#8217;illuminera pour &#8220;Adeus&#8221;, la sc\u00e8ne centrale de la XVIIe \u00e9dition de Notti a Monte Sirai. Sign\u00e9 par le [&hellip;]<\/p>\n","protected":false},"author":1,"featured_media":12519,"template":"","meta":{"rs_blank_template":"","rs_page_bg_color":"","slide_template_v7":"","_tribe_events_status":"","_tribe_events_status_reason":"","footnotes":""},"tags":[],"tribe_events_cat":[156,188,157],"class_list":["post-20959","tribe_events","type-tribe_events","status-publish","has-post-thumbnail","hentry","tribe_events_cat-concerti","tribe_events_cat-spettacoli","tribe_events_cat-teatro","cat_concerti","cat_spettacoli","cat_teatro"],"_links":{"self":[{"href":"https:\/\/carboniaturismo.it\/fr\/wp-json\/wp\/v2\/tribe_events\/20959","targetHints":{"allow":["GET"]}}],"collection":[{"href":"https:\/\/carboniaturismo.it\/fr\/wp-json\/wp\/v2\/tribe_events"}],"about":[{"href":"https:\/\/carboniaturismo.it\/fr\/wp-json\/wp\/v2\/types\/tribe_events"}],"author":[{"embeddable":true,"href":"https:\/\/carboniaturismo.it\/fr\/wp-json\/wp\/v2\/users\/1"}],"version-history":[{"count":0,"href":"https:\/\/carboniaturismo.it\/fr\/wp-json\/wp\/v2\/tribe_events\/20959\/revisions"}],"wp:featuredmedia":[{"embeddable":true,"href":"https:\/\/carboniaturismo.it\/fr\/wp-json\/wp\/v2\/media\/12519"}],"wp:attachment":[{"href":"https:\/\/carboniaturismo.it\/fr\/wp-json\/wp\/v2\/media?parent=20959"}],"wp:term":[{"taxonomy":"post_tag","embeddable":true,"href":"https:\/\/carboniaturismo.it\/fr\/wp-json\/wp\/v2\/tags?post=20959"},{"taxonomy":"tribe_events_cat","embeddable":true,"href":"https:\/\/carboniaturismo.it\/fr\/wp-json\/wp\/v2\/tribe_events_cat?post=20959"}],"curies":[{"name":"wp","href":"https:\/\/api.w.org\/{rel}","templated":true}]}}

Nuits à Monte Sirai &#8211; Adeus

<p>Le vendredi 18 juillet 2025, à 21h30, l&#8217;amphithéâtre rock du Monte Sirai s&#8217;illuminera pour &#8220;Adeus&#8221;, la scène centrale de la XVIIe édition de Notti a Monte Sirai. Signé par le collectif Oltrenotte, le spectacle mêle danse, musique live et théâtre physique dans une histoire poétique &#8211; parfois ironique &#8211; sur le passage du temps et la beauté de l&#8217;âge, avec des acrobaties, des boucles électroniques et des chants en langue sarde qui dialoguent avec les ruines phénico-puniques derrière.<br />
Le public sera assis sur les marches de pierre surplombant le golfe du Sulcis, tandis que le coucher du soleil laisse place à un ciel constellé : une atmosphère unique qui fait écho aux notes et aux mouvements des artistes. Places limitées; nous vous recommandons d&#8217;arriver tôt pour la visite guidée du parc archéologique et de profiter de l&#8217;apéritif panoramique avant que la nuit ne tombe et que la magie commence.</p>

<p>Le vendredi 18 juillet 2025, à 21h30, l&#8217;amphithéâtre rock du Monte Sirai s&#8217;illuminera pour &#8220;Adeus&#8221;, la scène centrale de la XVIIe édition de Notti a Monte Sirai. Signé par le [&hellip;]</p>
