{"id":20955,"date":"2026-07-21T10:22:59","date_gmt":"2026-07-21T10:22:59","guid":{"rendered":"https:\/\/carboniaturismo.it\/event\/mine-summer-festival-dj-set\/"},"modified":"2026-07-21T10:22:59","modified_gmt":"2026-07-21T10:22:59","slug":"mine-summer-festival-dj-set","status":"publish","type":"tribe_events","link":"https:\/\/carboniaturismo.it\/fr\/event\/mine-summer-festival-dj-set\/","title":{"rendered":"Mine Summer Festival &#8211; DJ Set"},"content":{"rendered":"<p>Le Mine Summer Festival illumine l&#8217;\u00e9t\u00e9 urbain de Carbonia.<br \/>\nJeudi 17 juillet \u00e0 partir de 22h, l&#8217;amphith\u00e9\u00e2tre de la Piazza Marmillaa devient le th\u00e9\u00e2tre d&#8217;un spectacle exceptionnel qui d\u00e9cha\u00eenera le public de Sulcis au centre de l&#8217;importante cit\u00e9 mini\u00e8re, d\u00e9cor d&#8217;une nuit dans l&#8217;un des lieux symboliques sous les \u00e9toiles.<\/p>\n","protected":false},"excerpt":{"rendered":"<p>Le Mine Summer Festival illumine l&#8217;\u00e9t\u00e9 urbain de Carbonia. Jeudi 17 juillet \u00e0 partir de 22h, l&#8217;amphith\u00e9\u00e2tre de la Piazza Marmillaa devient le th\u00e9\u00e2tre d&#8217;un spectacle exceptionnel qui d\u00e9cha\u00eenera le [&hellip;]<\/p>\n","protected":false},"author":1,"featured_media":12310,"template":"","meta":{"rs_blank_template":"","rs_page_bg_color":"","slide_template_v7":"","_tribe_events_status":"","_tribe_events_status_reason":"","footnotes":""},"tags":[],"tribe_events_cat":[156,188],"class_list":["post-20955","tribe_events","type-tribe_events","status-publish","has-post-thumbnail","hentry","tribe_events_cat-concerti","tribe_events_cat-spettacoli","cat_concerti","cat_spettacoli"],"_links":{"self":[{"href":"https:\/\/carboniaturismo.it\/fr\/wp-json\/wp\/v2\/tribe_events\/20955","targetHints":{"allow":["GET"]}}],"collection":[{"href":"https:\/\/carboniaturismo.it\/fr\/wp-json\/wp\/v2\/tribe_events"}],"about":[{"href":"https:\/\/carboniaturismo.it\/fr\/wp-json\/wp\/v2\/types\/tribe_events"}],"author":[{"embeddable":true,"href":"https:\/\/carboniaturismo.it\/fr\/wp-json\/wp\/v2\/users\/1"}],"version-history":[{"count":0,"href":"https:\/\/carboniaturismo.it\/fr\/wp-json\/wp\/v2\/tribe_events\/20955\/revisions"}],"wp:featuredmedia":[{"embeddable":true,"href":"https:\/\/carboniaturismo.it\/fr\/wp-json\/wp\/v2\/media\/12310"}],"wp:attachment":[{"href":"https:\/\/carboniaturismo.it\/fr\/wp-json\/wp\/v2\/media?parent=20955"}],"wp:term":[{"taxonomy":"post_tag","embeddable":true,"href":"https:\/\/carboniaturismo.it\/fr\/wp-json\/wp\/v2\/tags?post=20955"},{"taxonomy":"tribe_events_cat","embeddable":true,"href":"https:\/\/carboniaturismo.it\/fr\/wp-json\/wp\/v2\/tribe_events_cat?post=20955"}],"curies":[{"name":"wp","href":"https:\/\/api.w.org\/{rel}","templated":true}]}}

<p>Le Mine Summer Festival illumine l&#8217;été urbain de Carbonia.<br />
Jeudi 17 juillet à partir de 22h, l&#8217;amphithéâtre de la Piazza Marmillaa devient le théâtre d&#8217;un spectacle exceptionnel qui déchaînera le public de Sulcis au centre de l&#8217;importante cité minière, décor d&#8217;une nuit dans l&#8217;un des lieux symboliques sous les étoiles.</p>

<p>Le Mine Summer Festival illumine l&#8217;été urbain de Carbonia. Jeudi 17 juillet à partir de 22h, l&#8217;amphithéâtre de la Piazza Marmillaa devient le théâtre d&#8217;un spectacle exceptionnel qui déchaînera le [&hellip;]</p>
