{"id":20934,"date":"2026-07-21T10:22:29","date_gmt":"2026-07-21T10:22:29","guid":{"rendered":"https:\/\/carboniaturismo.it\/event\/cortoberfest-musique-bieres-artisanales-artisanat-et-cuisine-de-rue\/"},"modified":"2026-07-21T10:22:29","modified_gmt":"2026-07-21T10:22:29","slug":"cortoberfest-musique-bieres-artisanales-artisanat-et-cuisine-de-rue","status":"publish","type":"tribe_events","link":"https:\/\/carboniaturismo.it\/fr\/event\/cortoberfest-musique-bieres-artisanales-artisanat-et-cuisine-de-rue\/","title":{"rendered":"Cortoberfest &#8211; Musique, bi\u00e8res artisanales, artisanat et cuisine de rue"},"content":{"rendered":"<p>La Cortoberfest 2025 revient pour r\u00e9chauffer les soir\u00e9es de fin d&#8217;\u00e9t\u00e9 \u00e0 Cortoghiana : jeudi 19, vendredi 20 et samedi 21 septembre, \u00e0 partir de 20h, la Piazza Venezia deviendra le centre du Sulcis o\u00f9 le d\u00e9sir d&#8217;\u00eatre ensemble rencontre les saveurs du territoire.<\/p>\n<p> \tBi\u00e8res artisanales &#8211; des microbrasseries sardes aux \u00e9ditions sp\u00e9ciales pr\u00e9par\u00e9es \u00e0 vue.<br \/>\n \tStreet-food en version insulaire et internationale : sandwichs au porceddu, burgers, saucisses de Francfort, desserts et options pour tous les go\u00fbts.<br \/>\n \tMarch\u00e9 artisanal et artisanal : c\u00e9ramiques, bijoux, accessoires, art et curiosit\u00e9s.<br \/>\n \tMusique live &#038; DJ-set : rock et folk &#8220;made in Sardinia&#8221; pour ouvrir la danse, suivis de s\u00e9lections dance-pop.<\/p>\n","protected":false},"excerpt":{"rendered":"<p>La Cortoberfest 2025 revient pour r\u00e9chauffer les soir\u00e9es de fin d&#8217;\u00e9t\u00e9 \u00e0 Cortoghiana : jeudi 19, vendredi 20 et samedi 21 septembre, \u00e0 partir de 20h, la Piazza Venezia deviendra [&hellip;]<\/p>\n","protected":false},"author":1,"featured_media":12332,"template":"","meta":{"rs_blank_template":"","rs_page_bg_color":"","slide_template_v7":"","_tribe_events_status":"","_tribe_events_status_reason":"","footnotes":""},"tags":[],"tribe_events_cat":[155,156,159],"class_list":["post-20934","tribe_events","type-tribe_events","status-publish","has-post-thumbnail","hentry","tribe_events_cat-artigianato","tribe_events_cat-concerti","tribe_events_cat-sagra-agroalimentare","cat_artigianato","cat_concerti","cat_sagra-agroalimentare"],"_links":{"self":[{"href":"https:\/\/carboniaturismo.it\/fr\/wp-json\/wp\/v2\/tribe_events\/20934","targetHints":{"allow":["GET"]}}],"collection":[{"href":"https:\/\/carboniaturismo.it\/fr\/wp-json\/wp\/v2\/tribe_events"}],"about":[{"href":"https:\/\/carboniaturismo.it\/fr\/wp-json\/wp\/v2\/types\/tribe_events"}],"author":[{"embeddable":true,"href":"https:\/\/carboniaturismo.it\/fr\/wp-json\/wp\/v2\/users\/1"}],"version-history":[{"count":0,"href":"https:\/\/carboniaturismo.it\/fr\/wp-json\/wp\/v2\/tribe_events\/20934\/revisions"}],"wp:featuredmedia":[{"embeddable":true,"href":"https:\/\/carboniaturismo.it\/fr\/wp-json\/wp\/v2\/media\/12332"}],"wp:attachment":[{"href":"https:\/\/carboniaturismo.it\/fr\/wp-json\/wp\/v2\/media?parent=20934"}],"wp:term":[{"taxonomy":"post_tag","embeddable":true,"href":"https:\/\/carboniaturismo.it\/fr\/wp-json\/wp\/v2\/tags?post=20934"},{"taxonomy":"tribe_events_cat","embeddable":true,"href":"https:\/\/carboniaturismo.it\/fr\/wp-json\/wp\/v2\/tribe_events_cat?post=20934"}],"curies":[{"name":"wp","href":"https:\/\/api.w.org\/{rel}","templated":true}]}}

Cortoberfest &#8211; Musique, bières artisanales, artisanat et cuisine de rue

<p>La Cortoberfest 2025 revient pour réchauffer les soirées de fin d&#8217;été à Cortoghiana : jeudi 19, vendredi 20 et samedi 21 septembre, à partir de 20h, la Piazza Venezia deviendra le centre du Sulcis où le désir d&#8217;être ensemble rencontre les saveurs du territoire.</p>
<p> 	Bières artisanales &#8211; des microbrasseries sardes aux éditions spéciales préparées à vue.<br />
 	Street-food en version insulaire et internationale : sandwichs au porceddu, burgers, saucisses de Francfort, desserts et options pour tous les goûts.<br />
 	Marché artisanal et artisanal : céramiques, bijoux, accessoires, art et curiosités.<br />
 	Musique live &#038; DJ-set : rock et folk &#8220;made in Sardinia&#8221; pour ouvrir la danse, suivis de sélections dance-pop.</p>

<p>La Cortoberfest 2025 revient pour réchauffer les soirées de fin d&#8217;été à Cortoghiana : jeudi 19, vendredi 20 et samedi 21 septembre, à partir de 20h, la Piazza Venezia deviendra [&hellip;]</p>
