{"id":20933,"date":"2026-07-21T10:22:27","date_gmt":"2026-07-21T10:22:27","guid":{"rendered":"https:\/\/carboniaturismo.it\/event\/rencontre-moto-amici-bikers-massimo-boi-memorial\/"},"modified":"2026-07-21T10:22:27","modified_gmt":"2026-07-21T10:22:27","slug":"rencontre-moto-amici-bikers-massimo-boi-memorial","status":"publish","type":"tribe_events","link":"https:\/\/carboniaturismo.it\/fr\/event\/rencontre-moto-amici-bikers-massimo-boi-memorial\/","title":{"rendered":"Rencontre moto &#8211; Amici Bikers &#8220;Massimo Boi Memorial&#8221;"},"content":{"rendered":"<p>Amici Bikers &#8211; Memorial Massimo Boi revient en force le dimanche 14 septembre 2025 : \u00e0 partir de 8h00 du matin l&#8217;esplanade de la Grande Miniera di Serbariu \u00e0 Carbonia accueillera des centaines de motocyclistes pour une journ\u00e9e de passion sur deux roues, d&#8217;amiti\u00e9 et de solidarit\u00e9.<br \/>\nLa r\u00e9union est d\u00e9di\u00e9e \u00e0 Massimo Boi, infirmier et motard d\u00e9c\u00e9d\u00e9 pr\u00e9matur\u00e9ment, d\u00e9j\u00e0 rappel\u00e9 par le groupe pour ses initiatives en faveur des plus vuln\u00e9rables.<br \/>\nLe programme d\u00e9butera le matin \u00e0 partir de 8h00, d&#8217;o\u00f9 nous partirons pour un tour panoramique en moto.\u00a0Le cadre de l&#8217;\u00e9v\u00e9nement est l&#8217;ancien site houiller &#8211; aujourd&#8217;hui le mus\u00e9e du charbon &#8211; avec les tours historiques du ch\u00e2teau des puits 1 et 2 qui se d\u00e9tachent sur la place, offrant un contraste suggestif entre l&#8217;arch\u00e9ologie industrielle et le rugissement des moteurs.<\/p>\n","protected":false},"excerpt":{"rendered":"<p>Amici Bikers &#8211; Memorial Massimo Boi revient en force le dimanche 14 septembre 2025 : \u00e0 partir de 8h00 du matin l&#8217;esplanade de la Grande Miniera di Serbariu \u00e0 Carbonia [&hellip;]<\/p>\n","protected":false},"author":1,"featured_media":12321,"template":"","meta":{"rs_blank_template":"","rs_page_bg_color":"","slide_template_v7":"","_tribe_events_status":"","_tribe_events_status_reason":"","footnotes":""},"tags":[],"tribe_events_cat":[163,154],"class_list":["post-20933","tribe_events","type-tribe_events","status-publish","has-post-thumbnail","hentry","tribe_events_cat-raduni","tribe_events_cat-sport","cat_raduni","cat_sport"],"_links":{"self":[{"href":"https:\/\/carboniaturismo.it\/fr\/wp-json\/wp\/v2\/tribe_events\/20933","targetHints":{"allow":["GET"]}}],"collection":[{"href":"https:\/\/carboniaturismo.it\/fr\/wp-json\/wp\/v2\/tribe_events"}],"about":[{"href":"https:\/\/carboniaturismo.it\/fr\/wp-json\/wp\/v2\/types\/tribe_events"}],"author":[{"embeddable":true,"href":"https:\/\/carboniaturismo.it\/fr\/wp-json\/wp\/v2\/users\/1"}],"version-history":[{"count":0,"href":"https:\/\/carboniaturismo.it\/fr\/wp-json\/wp\/v2\/tribe_events\/20933\/revisions"}],"wp:featuredmedia":[{"embeddable":true,"href":"https:\/\/carboniaturismo.it\/fr\/wp-json\/wp\/v2\/media\/12321"}],"wp:attachment":[{"href":"https:\/\/carboniaturismo.it\/fr\/wp-json\/wp\/v2\/media?parent=20933"}],"wp:term":[{"taxonomy":"post_tag","embeddable":true,"href":"https:\/\/carboniaturismo.it\/fr\/wp-json\/wp\/v2\/tags?post=20933"},{"taxonomy":"tribe_events_cat","embeddable":true,"href":"https:\/\/carboniaturismo.it\/fr\/wp-json\/wp\/v2\/tribe_events_cat?post=20933"}],"curies":[{"name":"wp","href":"https:\/\/api.w.org\/{rel}","templated":true}]}}

<p>Amici Bikers &#8211; Memorial Massimo Boi revient en force le dimanche 14 septembre 2025 : à partir de 8h00 du matin l&#8217;esplanade de la Grande Miniera di Serbariu à Carbonia accueillera des centaines de motocyclistes pour une journée de passion sur deux roues, d&#8217;amitié et de solidarité.<br />
La réunion est dédiée à Massimo Boi, infirmier et motard décédé prématurément, déjà rappelé par le groupe pour ses initiatives en faveur des plus vulnérables.<br />
Le programme débutera le matin à partir de 8h00, d&#8217;où nous partirons pour un tour panoramique en moto. Le cadre de l&#8217;événement est l&#8217;ancien site houiller &#8211; aujourd&#8217;hui le musée du charbon &#8211; avec les tours historiques du château des puits 1 et 2 qui se détachent sur la place, offrant un contraste suggestif entre l&#8217;archéologie industrielle et le rugissement des moteurs.</p>

<p>Amici Bikers &#8211; Memorial Massimo Boi revient en force le dimanche 14 septembre 2025 : à partir de 8h00 du matin l&#8217;esplanade de la Grande Miniera di Serbariu à Carbonia [&hellip;]</p>
