{"id":20930,"date":"2026-07-21T10:22:23","date_gmt":"2026-07-21T10:22:23","guid":{"rendered":"https:\/\/carboniaturismo.it\/event\/concert-de-francesco-renga\/"},"modified":"2026-07-21T10:22:23","modified_gmt":"2026-07-21T10:22:23","slug":"concert-de-francesco-renga","status":"publish","type":"tribe_events","link":"https:\/\/carboniaturismo.it\/fr\/event\/concert-de-francesco-renga\/","title":{"rendered":"Concert de Francesco Renga"},"content":{"rendered":"<p>Francesco Renga s&#8217;arr\u00eate en Sardaigne avec la tourn\u00e9e festive \u00ab Angelo \u2013 Venti \u00bb : le samedi 7 septembre 2025, \u00e0 22 heures, l&#8217;auteur-compositeur-interpr\u00e8te montera sur la sc\u00e8ne install\u00e9e sur la Piazza Roma de Carbonia pour un concert gratuit.<\/p>\n<p>La soir\u00e9e c\u00e9l\u00e8bre les vingt ans de &#8220;Angelo&#8221;, la chanson gagnante de Sanremo 2005, et retracera les succ\u00e8s d&#8217;une carri\u00e8re qui va de &#8220;Tracce di te&#8221; \u00e0 &#8220;Vivendo ora&#8221;, jusqu&#8217;aux derniers singles \u00e9crits avec Nek.<\/p>\n<p>Une occasion sp\u00e9ciale d&#8217;\u00e9couter en direct l&#8217;une des voix les plus reconnaissables de la pop italienne, immerg\u00e9e dans l&#8217;atmosph\u00e8re du centre-ville de Sulcis.<\/p>\n","protected":false},"excerpt":{"rendered":"<p>Francesco Renga s&#8217;arr\u00eate en Sardaigne avec la tourn\u00e9e festive \u00ab Angelo \u2013 Venti \u00bb : le samedi 7 septembre 2025, \u00e0 22 heures, l&#8217;auteur-compositeur-interpr\u00e8te montera sur la sc\u00e8ne install\u00e9e sur [&hellip;]<\/p>\n","protected":false},"author":1,"featured_media":12291,"template":"","meta":{"rs_blank_template":"","rs_page_bg_color":"","slide_template_v7":"","_tribe_events_status":"","_tribe_events_status_reason":"","footnotes":""},"tags":[],"tribe_events_cat":[156,188],"class_list":["post-20930","tribe_events","type-tribe_events","status-publish","has-post-thumbnail","hentry","tribe_events_cat-concerti","tribe_events_cat-spettacoli","cat_concerti","cat_spettacoli"],"_links":{"self":[{"href":"https:\/\/carboniaturismo.it\/fr\/wp-json\/wp\/v2\/tribe_events\/20930","targetHints":{"allow":["GET"]}}],"collection":[{"href":"https:\/\/carboniaturismo.it\/fr\/wp-json\/wp\/v2\/tribe_events"}],"about":[{"href":"https:\/\/carboniaturismo.it\/fr\/wp-json\/wp\/v2\/types\/tribe_events"}],"author":[{"embeddable":true,"href":"https:\/\/carboniaturismo.it\/fr\/wp-json\/wp\/v2\/users\/1"}],"version-history":[{"count":0,"href":"https:\/\/carboniaturismo.it\/fr\/wp-json\/wp\/v2\/tribe_events\/20930\/revisions"}],"wp:featuredmedia":[{"embeddable":true,"href":"https:\/\/carboniaturismo.it\/fr\/wp-json\/wp\/v2\/media\/12291"}],"wp:attachment":[{"href":"https:\/\/carboniaturismo.it\/fr\/wp-json\/wp\/v2\/media?parent=20930"}],"wp:term":[{"taxonomy":"post_tag","embeddable":true,"href":"https:\/\/carboniaturismo.it\/fr\/wp-json\/wp\/v2\/tags?post=20930"},{"taxonomy":"tribe_events_cat","embeddable":true,"href":"https:\/\/carboniaturismo.it\/fr\/wp-json\/wp\/v2\/tribe_events_cat?post=20930"}],"curies":[{"name":"wp","href":"https:\/\/api.w.org\/{rel}","templated":true}]}}

<p>Francesco Renga s&#8217;arrête en Sardaigne avec la tournée festive « Angelo – Venti » : le samedi 7 septembre 2025, à 22 heures, l&#8217;auteur-compositeur-interprète montera sur la scène installée sur la Piazza Roma de Carbonia pour un concert gratuit.</p>
<p>La soirée célèbre les vingt ans de &#8220;Angelo&#8221;, la chanson gagnante de Sanremo 2005, et retracera les succès d&#8217;une carrière qui va de &#8220;Tracce di te&#8221; à &#8220;Vivendo ora&#8221;, jusqu&#8217;aux derniers singles écrits avec Nek.</p>
<p>Une occasion spéciale d&#8217;écouter en direct l&#8217;une des voix les plus reconnaissables de la pop italienne, immergée dans l&#8217;atmosphère du centre-ville de Sulcis.</p>

<p>Francesco Renga s&#8217;arrête en Sardaigne avec la tournée festive « Angelo – Venti » : le samedi 7 septembre 2025, à 22 heures, l&#8217;auteur-compositeur-interprète montera sur la scène installée sur [&hellip;]</p>
