{"id":21801,"date":"2026-09-02T07:15:28","date_gmt":"2026-09-02T07:15:28","guid":{"rendered":"https:\/\/carboniaturismo.it\/event\/concerti-in-sardegna-i-camaleonti-a-carbonia-per-nottinsieme-2\/"},"modified":"2026-09-02T07:15:30","modified_gmt":"2026-09-02T07:15:30","slug":"concerti-in-sardegna-i-camaleonti-a-carbonia-per-nottinsieme-2","status":"publish","type":"tribe_events","link":"https:\/\/carboniaturismo.it\/de\/event\/concerti-in-sardegna-i-camaleonti-a-carbonia-per-nottinsieme-2\/","title":{"rendered":"Concerti in Sardegna: i Camaleonti a Carbonia per Nottinsieme"},"content":{"rendered":"<div class=\"\" data-turn-id-container=\"request-69aff35d-fe04-8392-8b7f-3a932379d663-0\" data-is-intersecting=\"true\">\n<section class=\"text-token-text-primary w-full focus:outline-none has-data-writing-block:pointer-events-none [&amp;:has([data-writing-block])&gt;*]:pointer-events-auto R6Vx5W_threadScrollVars scroll-mb-[calc(var(--scroll-root-safe-area-inset-bottom,0px)+var(--thread-response-height))] scroll-mt-[calc(var(--header-height)+min(200px,max(70px,20svh)))]\" dir=\"auto\" data-turn-id=\"request-69aff35d-fe04-8392-8b7f-3a932379d663-0\" data-turn-id-container=\"request-69aff35d-fe04-8392-8b7f-3a932379d663-0\" data-testid=\"conversation-turn-12\" data-turn=\"assistant\">\n<div class=\"text-base my-auto mx-auto [--thread-content-margin:var(--thread-content-margin-xs,calc(var(--spacing)*4))] @w-sm\/main:[--thread-content-margin:var(--thread-content-margin-sm,calc(var(--spacing)*6))] @w-lg\/main:[--thread-content-margin:var(--thread-content-margin-lg,calc(var(--spacing)*16))] px-(--thread-content-margin)\">\n<div class=\"[--thread-content-max-width:40rem] @w-lg\/main:[--thread-content-max-width:48rem] mx-auto max-w-(--thread-content-max-width) flex-1 group\/turn-messages focus-visible:outline-hidden relative flex w-full min-w-0 flex-col agent-turn\" data-conversation-screenshot-content=\"\">\n<div class=\"flex max-w-full flex-col gap-4 grow\">\n<div class=\"min-h-8 text-message relative flex w-full flex-col items-end gap-2 text-start break-words whitespace-normal outline-none keyboard-focused:focus-ring [.text-message+&amp;]:mt-1\" dir=\"auto\" data-message-author-role=\"assistant\" data-message-id=\"e39b4cf9-7a4e-4964-8fab-cef09d54cbb4\" data-message-model-slug=\"gpt-5-6-thinking\">\n<div class=\"flex w-full flex-col gap-1 empty:hidden\">\n<div class=\"fbskMG_root markdown prose dark:prose-invert wrap-break-word w-full light markdown-new-styling\">\n<p data-start=\"56\" data-end=\"277\">Mercoled\u00ec <strong data-start=\"66\" data-end=\"86\">2 settembre 2026<\/strong>, alle <strong data-start=\"93\" data-end=\"106\">ore 22.00<\/strong>, <strong data-start=\"108\" data-end=\"134\">Piazza Roma a Carbonia<\/strong> ospiter\u00e0 uno degli appuntamenti pi\u00f9 attesi di <strong data-start=\"181\" data-end=\"196\">Nottinsieme<\/strong>: sul palco saliranno <strong data-start=\"218\" data-end=\"234\">I Camaleonti<\/strong>, storica formazione della musica italiana.<\/p>\n<blockquote>\n<p data-start=\"279\" data-end=\"706\"><strong>Il gruppo, nato a Milano negli anni Sessanta e diventato uno dei nomi pi\u00f9 riconoscibili della stagione beat italiana, accompagner\u00e0 il pubblico in un viaggio attraverso i brani e le atmosfere che hanno segnato una lunga carriera.<\/strong> Una serata pensata per chi ha vissuto quella stagione musicale, ma anche per le nuove generazioni che desiderano riscoprire dal vivo una pagina importante della storia della musica leggera italiana.<\/p>\n<\/blockquote>\n<p data-start=\"708\" data-end=\"953\"><img fetchpriority=\"high\" decoding=\"async\" class=\"size-full wp-image-21787 aligncenter\" src=\"https:\/\/carboniaturismo.it\/wp-content\/uploads\/2026\/09\/camaleonti-in-concerto-a-carbonia.jpg\" alt=\"\" width=\"600\" height=\"338\" \/><\/p>\n<blockquote>\n<p data-start=\"708\" data-end=\"953\"><strong>Il concerto si inserisce nel programma di Nottinsieme, la rassegna estiva organizzata dall\u2019Amministrazione Comunale e dalla Pro Loco Carbonia,<\/strong> che ogni settimana anima il centro cittadino con spettacoli, musica e momenti di incontro.<\/p>\n<\/blockquote>\n<p data-start=\"955\" data-end=\"1121\">La cornice di <strong data-start=\"969\" data-end=\"984\">Piazza Roma<\/strong>, nel cuore di Carbonia, render\u00e0 l\u2019appuntamento ancora pi\u00f9 suggestivo: una notte sotto le stelle, tra memoria, emozione e grandi canzoni.<\/p>\n<\/div>\n<\/div>\n<\/div>\n<\/div>\n<\/div>\n<\/div>\n<\/section>\n<\/div>\n","protected":false},"excerpt":{"rendered":"<p>Mercoled\u00ec 2 settembre 2026, alle ore 22.00, Piazza Roma a Carbonia ospiter\u00e0 uno degli appuntamenti pi\u00f9 attesi di Nottinsieme: sul palco saliranno I Camaleonti, storica formazione della musica italiana. Il [&hellip;]<\/p>\n","protected":false},"author":4,"featured_media":21793,"template":"","meta":{"rs_blank_template":"","rs_page_bg_color":"","slide_template_v7":"","_tribe_events_status":"","_tribe_events_status_reason":"","footnotes":""},"tags":[],"tribe_events_cat":[189,189,156,191],"class_list":["post-21801","tribe_events","type-tribe_events","status-publish","has-post-thumbnail","hentry","tribe_events_cat-che-cosa-fare-oggi-a-carbonia","tribe_events_cat-concerti","tribe_events_cat-spettacoli","cat_che-cosa-fare-oggi-a-carbonia","cat_concerti","cat_spettacoli"],"_links":{"self":[{"href":"https:\/\/carboniaturismo.it\/de\/wp-json\/wp\/v2\/tribe_events\/21801","targetHints":{"allow":["GET"]}}],"collection":[{"href":"https:\/\/carboniaturismo.it\/de\/wp-json\/wp\/v2\/tribe_events"}],"about":[{"href":"https:\/\/carboniaturismo.it\/de\/wp-json\/wp\/v2\/types\/tribe_events"}],"author":[{"embeddable":true,"href":"https:\/\/carboniaturismo.it\/de\/wp-json\/wp\/v2\/users\/4"}],"version-history":[{"count":0,"href":"https:\/\/carboniaturismo.it\/de\/wp-json\/wp\/v2\/tribe_events\/21801\/revisions"}],"wp:featuredmedia":[{"embeddable":true,"href":"https:\/\/carboniaturismo.it\/de\/wp-json\/wp\/v2\/media\/21793"}],"wp:attachment":[{"href":"https:\/\/carboniaturismo.it\/de\/wp-json\/wp\/v2\/media?parent=21801"}],"wp:term":[{"taxonomy":"post_tag","embeddable":true,"href":"https:\/\/carboniaturismo.it\/de\/wp-json\/wp\/v2\/tags?post=21801"},{"taxonomy":"tribe_events_cat","embeddable":true,"href":"https:\/\/carboniaturismo.it\/de\/wp-json\/wp\/v2\/tribe_events_cat?post=21801"}],"curies":[{"name":"wp","href":"https:\/\/api.w.org\/{rel}","templated":true}]}}

<div class="" data-turn-id-container="request-69aff35d-fe04-8392-8b7f-3a932379d663-0" data-is-intersecting="true">
<section class="text-token-text-primary w-full focus:outline-none has-data-writing-block:pointer-events-none [&amp;:has([data-writing-block])&gt;*]:pointer-events-auto R6Vx5W_threadScrollVars scroll-mb-[calc(var(--scroll-root-safe-area-inset-bottom,0px)+var(--thread-response-height))] scroll-mt-[calc(var(--header-height)+min(200px,max(70px,20svh)))]" dir="auto" data-turn-id="request-69aff35d-fe04-8392-8b7f-3a932379d663-0" data-turn-id-container="request-69aff35d-fe04-8392-8b7f-3a932379d663-0" data-testid="conversation-turn-12" data-turn="assistant">
<div class="text-base my-auto mx-auto [--thread-content-margin:var(--thread-content-margin-xs,calc(var(--spacing)*4))] @w-sm/main:[--thread-content-margin:var(--thread-content-margin-sm,calc(var(--spacing)*6))] @w-lg/main:[--thread-content-margin:var(--thread-content-margin-lg,calc(var(--spacing)*16))] px-(--thread-content-margin)">
<div class="[--thread-content-max-width:40rem] @w-lg/main:[--thread-content-max-width:48rem] mx-auto max-w-(--thread-content-max-width) flex-1 group/turn-messages focus-visible:outline-hidden relative flex w-full min-w-0 flex-col agent-turn" data-conversation-screenshot-content="">
<div class="flex max-w-full flex-col gap-4 grow">
<div class="min-h-8 text-message relative flex w-full flex-col items-end gap-2 text-start break-words whitespace-normal outline-none keyboard-focused:focus-ring [.text-message+&amp;]:mt-1" dir="auto" data-message-author-role="assistant" data-message-id="e39b4cf9-7a4e-4964-8fab-cef09d54cbb4" data-message-model-slug="gpt-5-6-thinking">
<div class="flex w-full flex-col gap-1 empty:hidden">
<div class="fbskMG_root markdown prose dark:prose-invert wrap-break-word w-full light markdown-new-styling">
<p data-start="56" data-end="277">Mercoledì <strong data-start="66" data-end="86">2 settembre 2026</strong>, alle <strong data-start="93" data-end="106">ore 22.00</strong>, <strong data-start="108" data-end="134">Piazza Roma a Carbonia</strong> ospiterà uno degli appuntamenti più attesi di <strong data-start="181" data-end="196">Nottinsieme</strong>: sul palco saliranno <strong data-start="218" data-end="234">I Camaleonti</strong>, storica formazione della musica italiana.</p>
<blockquote>
<p data-start="279" data-end="706"><strong>Il gruppo, nato a Milano negli anni Sessanta e diventato uno dei nomi più riconoscibili della stagione beat italiana, accompagnerà il pubblico in un viaggio attraverso i brani e le atmosfere che hanno segnato una lunga carriera.</strong> Una serata pensata per chi ha vissuto quella stagione musicale, ma anche per le nuove generazioni che desiderano riscoprire dal vivo una pagina importante della storia della musica leggera italiana.</p>
</blockquote>
<p data-start="708" data-end="953"><img fetchpriority="high" decoding="async" class="size-full wp-image-21787 aligncenter" src="https://carboniaturismo.it/wp-content/uploads/2026/09/camaleonti-in-concerto-a-carbonia.jpg" alt="" width="600" height="338" /></p>
<blockquote>
<p data-start="708" data-end="953"><strong>Il concerto si inserisce nel programma di Nottinsieme, la rassegna estiva organizzata dall’Amministrazione Comunale e dalla Pro Loco Carbonia,</strong> che ogni settimana anima il centro cittadino con spettacoli, musica e momenti di incontro.</p>
</blockquote>
<p data-start="955" data-end="1121">La cornice di <strong data-start="969" data-end="984">Piazza Roma</strong>, nel cuore di Carbonia, renderà l’appuntamento ancora più suggestivo: una notte sotto le stelle, tra memoria, emozione e grandi canzoni.</p>
</div>
</div>
</div>
</div>
</div>
</div>
</section>
</div>

<p>Mercoledì 2 settembre 2026, alle ore 22.00, Piazza Roma a Carbonia ospiterà uno degli appuntamenti più attesi di Nottinsieme: sul palco saliranno I Camaleonti, storica formazione della musica italiana. Il [&hellip;]</p>
