{"id":21742,"date":"2026-08-31T17:32:24","date_gmt":"2026-08-31T17:32:24","guid":{"rendered":"https:\/\/carboniaturismo.it\/event\/astro-e-artie-5ive-al-mine-summer-fest-2026-grande-musica-alla-miniera-di-serbariu-2\/"},"modified":"2026-08-31T17:32:27","modified_gmt":"2026-08-31T17:32:27","slug":"astro-e-artie-5ive-al-mine-summer-fest-2026-grande-musica-alla-miniera-di-serbariu-2","status":"publish","type":"tribe_events","link":"https:\/\/carboniaturismo.it\/de\/event\/astro-e-artie-5ive-al-mine-summer-fest-2026-grande-musica-alla-miniera-di-serbariu-2\/","title":{"rendered":"ASTRO e Artie 5ive al Mine Summer Fest 2026: grande musica alla Miniera di Serbariu"},"content":{"rendered":"<p data-start=\"88\" data-end=\"334\">Venerd\u00ec <strong data-start=\"96\" data-end=\"116\">4 settembre 2026<\/strong>, la <strong data-start=\"121\" data-end=\"162\">Grande Miniera di Serbariu a Carbonia<\/strong> ospiter\u00e0 uno degli appuntamenti pi\u00f9 attesi del <strong data-start=\"210\" data-end=\"235\">Mine Summer Fest 2026<\/strong>: sul palco arriveranno <strong data-start=\"259\" data-end=\"268\">ASTRO<\/strong> e <strong data-start=\"271\" data-end=\"285\">Artie 5ive<\/strong> per il terzo grande evento della manifestazione.<\/p>\n<blockquote>\n<p data-start=\"336\" data-end=\"682\"><strong>ASTRO \u00e8 uno dei nomi pi\u00f9 interessanti della nuova generazione musicale italiana.<\/strong> Il suo stile personale, aperto alle influenze internazionali e capace di muoversi tra sonorit\u00e0 contemporanee, lo ha portato negli ultimi anni a costruire un percorso in forte crescita e a collaborare con alcuni dei protagonisti pi\u00f9 importanti della scena nazionale.<\/p>\n<\/blockquote>\n<p data-start=\"684\" data-end=\"1096\"><img fetchpriority=\"high\" decoding=\"async\" class=\"size-full wp-image-21734 aligncenter\" src=\"https:\/\/carboniaturismo.it\/wp-content\/uploads\/2026\/08\/mine-summer-fest-carbonia-600.jpg\" alt=\"\" width=\"600\" height=\"338\" \/><\/p>\n<blockquote>\n<p data-start=\"684\" data-end=\"1096\"><strong>La sua presenza a Carbonia, insieme ad Artie 5ive, promette una serata ad alta energia,<\/strong> pensata soprattutto per il pubblico pi\u00f9 giovane ma capace di richiamare appassionati da tutto il territorio. La cornice industriale della Grande Miniera di Serbariu contribuir\u00e0 a rendere l\u2019atmosfera ancora pi\u00f9 suggestiva, trasformando uno dei luoghi simbolo della citt\u00e0 in un grande spazio dedicato alla musica dal vivo.<\/p>\n<\/blockquote>\n<p data-start=\"1098\" data-end=\"1303\">Il <strong data-start=\"1101\" data-end=\"1126\">Mine Summer Fest 2026<\/strong> conferma cos\u00ec la volont\u00e0 di unire spettacolo contemporaneo e patrimonio industriale, portando sul palco artisti capaci di rappresentare le nuove tendenze della musica italiana.<\/p>\n<p data-start=\"1305\" data-end=\"1407\">\n<h4 style=\"text-align: center;\" data-start=\"1409\" data-end=\"1568\"><strong>I biglietti sono disponibili online tramite il link indicato dagli organizzatori del\u00a0<a href=\"https:\/\/www.facebook.com\/profile.php?id=61575938515474\" target=\"_blank\" rel=\"noopener\">Mine Summer Fest<\/a><\/strong><\/h4>\n<h4 style=\"text-align: center;\" data-start=\"1409\" data-end=\"1568\"><strong>I minori di 16 anni possono partecipare se accompagnati da un adulto.<\/strong><\/h4>\n","protected":false},"excerpt":{"rendered":"<p>Venerd\u00ec 4 settembre 2026, la Grande Miniera di Serbariu a Carbonia ospiter\u00e0 uno degli appuntamenti pi\u00f9 attesi del Mine Summer Fest 2026: sul palco arriveranno ASTRO e Artie 5ive per [&hellip;]<\/p>\n","protected":false},"author":4,"featured_media":21728,"template":"","meta":{"rs_blank_template":"","rs_page_bg_color":"","slide_template_v7":"","_tribe_events_status":"","_tribe_events_status_reason":"","footnotes":""},"tags":[],"tribe_events_cat":[189,189,156,163,191],"class_list":["post-21742","tribe_events","type-tribe_events","status-publish","has-post-thumbnail","hentry","tribe_events_cat-che-cosa-fare-oggi-a-carbonia","tribe_events_cat-concerti","tribe_events_cat-raduni","tribe_events_cat-spettacoli","cat_che-cosa-fare-oggi-a-carbonia","cat_concerti","cat_raduni","cat_spettacoli"],"_links":{"self":[{"href":"https:\/\/carboniaturismo.it\/de\/wp-json\/wp\/v2\/tribe_events\/21742","targetHints":{"allow":["GET"]}}],"collection":[{"href":"https:\/\/carboniaturismo.it\/de\/wp-json\/wp\/v2\/tribe_events"}],"about":[{"href":"https:\/\/carboniaturismo.it\/de\/wp-json\/wp\/v2\/types\/tribe_events"}],"author":[{"embeddable":true,"href":"https:\/\/carboniaturismo.it\/de\/wp-json\/wp\/v2\/users\/4"}],"version-history":[{"count":0,"href":"https:\/\/carboniaturismo.it\/de\/wp-json\/wp\/v2\/tribe_events\/21742\/revisions"}],"wp:featuredmedia":[{"embeddable":true,"href":"https:\/\/carboniaturismo.it\/de\/wp-json\/wp\/v2\/media\/21728"}],"wp:attachment":[{"href":"https:\/\/carboniaturismo.it\/de\/wp-json\/wp\/v2\/media?parent=21742"}],"wp:term":[{"taxonomy":"post_tag","embeddable":true,"href":"https:\/\/carboniaturismo.it\/de\/wp-json\/wp\/v2\/tags?post=21742"},{"taxonomy":"tribe_events_cat","embeddable":true,"href":"https:\/\/carboniaturismo.it\/de\/wp-json\/wp\/v2\/tribe_events_cat?post=21742"}],"curies":[{"name":"wp","href":"https:\/\/api.w.org\/{rel}","templated":true}]}}

<p data-start="88" data-end="334">Venerdì <strong data-start="96" data-end="116">4 settembre 2026</strong>, la <strong data-start="121" data-end="162">Grande Miniera di Serbariu a Carbonia</strong> ospiterà uno degli appuntamenti più attesi del <strong data-start="210" data-end="235">Mine Summer Fest 2026</strong>: sul palco arriveranno <strong data-start="259" data-end="268">ASTRO</strong> e <strong data-start="271" data-end="285">Artie 5ive</strong> per il terzo grande evento della manifestazione.</p>
<blockquote>
<p data-start="336" data-end="682"><strong>ASTRO è uno dei nomi più interessanti della nuova generazione musicale italiana.</strong> Il suo stile personale, aperto alle influenze internazionali e capace di muoversi tra sonorità contemporanee, lo ha portato negli ultimi anni a costruire un percorso in forte crescita e a collaborare con alcuni dei protagonisti più importanti della scena nazionale.</p>
</blockquote>
<p data-start="684" data-end="1096"><img fetchpriority="high" decoding="async" class="size-full wp-image-21734 aligncenter" src="https://carboniaturismo.it/wp-content/uploads/2026/08/mine-summer-fest-carbonia-600.jpg" alt="" width="600" height="338" /></p>
<blockquote>
<p data-start="684" data-end="1096"><strong>La sua presenza a Carbonia, insieme ad Artie 5ive, promette una serata ad alta energia,</strong> pensata soprattutto per il pubblico più giovane ma capace di richiamare appassionati da tutto il territorio. La cornice industriale della Grande Miniera di Serbariu contribuirà a rendere l’atmosfera ancora più suggestiva, trasformando uno dei luoghi simbolo della città in un grande spazio dedicato alla musica dal vivo.</p>
</blockquote>
<p data-start="1098" data-end="1303">Il <strong data-start="1101" data-end="1126">Mine Summer Fest 2026</strong> conferma così la volontà di unire spettacolo contemporaneo e patrimonio industriale, portando sul palco artisti capaci di rappresentare le nuove tendenze della musica italiana.</p>
<p data-start="1305" data-end="1407">
<h4 style="text-align: center;" data-start="1409" data-end="1568"><strong>I biglietti sono disponibili online tramite il link indicato dagli organizzatori del <a href="https://www.facebook.com/profile.php?id=61575938515474" target="_blank" rel="noopener">Mine Summer Fest</a></strong></h4>
<h4 style="text-align: center;" data-start="1409" data-end="1568"><strong>I minori di 16 anni possono partecipare se accompagnati da un adulto.</strong></h4>

<p>Venerdì 4 settembre 2026, la Grande Miniera di Serbariu a Carbonia ospiterà uno degli appuntamenti più attesi del Mine Summer Fest 2026: sul palco arriveranno ASTRO e Artie 5ive per [&hellip;]</p>
